CRAN Package Check Results for Package ICD10gm

Last updated on 2020-04-05 02:50:32 CEST.

Flavor Version Tinstall Tcheck Ttotal Status Flags
r-devel-linux-x86_64-debian-clang 1.0.4 27.68 158.95 186.63 OK
r-devel-linux-x86_64-debian-gcc 1.0.4 25.48 118.73 144.21 OK
r-devel-linux-x86_64-fedora-clang 1.0.4 222.19 NOTE
r-devel-linux-x86_64-fedora-gcc 1.0.4 218.90 NOTE
r-devel-windows-ix86+x86_64 1.0.4 45.00 150.00 195.00 NOTE
r-devel-windows-ix86+x86_64-gcc8 1.0.4 37.00 140.00 177.00 NOTE
r-patched-linux-x86_64 1.0.4 26.38 155.45 181.83 OK
r-patched-solaris-x86 1.0.4 337.60 NOTE
r-release-linux-x86_64 1.0.4 26.18 140.88 167.06 OK
r-release-windows-ix86+x86_64 1.0.4 41.00 207.00 248.00 NOTE
r-release-osx-x86_64 1.0.4 NOTE
r-oldrel-windows-ix86+x86_64 1.0.4 37.00 158.00 195.00 NOTE
r-oldrel-osx-x86_64 1.0.4 NOTE

Check Details

Version: 1.0.4
Check: installed package size
Result: NOTE
     installed size is 7.6Mb
     sub-directories of 1Mb or more:
     data 6.8Mb
Flavors: r-devel-linux-x86_64-fedora-clang, r-devel-windows-ix86+x86_64, r-devel-windows-ix86+x86_64-gcc8, r-patched-solaris-x86, r-release-windows-ix86+x86_64, r-release-osx-x86_64, r-oldrel-windows-ix86+x86_64, r-oldrel-osx-x86_64

Version: 1.0.4
Check: data for non-ASCII characters
Result: NOTE
     Note: found 252690 marked UTF-8 strings
Flavors: r-devel-linux-x86_64-fedora-clang, r-devel-linux-x86_64-fedora-gcc, r-patched-solaris-x86, r-release-osx-x86_64, r-oldrel-osx-x86_64