CRAN Package Check Results for Package IHSEP

Last updated on 2019-10-22 01:49:29 CEST.

Flavor Version Tinstall Tcheck Ttotal Status Flags
r-devel-linux-x86_64-debian-clang 0.1 33.17 24.48 57.65 OK
r-devel-linux-x86_64-debian-gcc 0.1 20.63 19.86 40.49 OK
r-devel-linux-x86_64-fedora-clang 0.1 77.16 NOTE
r-devel-linux-x86_64-fedora-gcc 0.1 69.47 NOTE
r-devel-windows-ix86+x86_64 0.1 55.00 54.00 109.00 OK
r-patched-linux-x86_64 0.1 21.07 24.84 45.91 OK
r-patched-solaris-x86 0.1 79.50 OK
r-release-linux-x86_64 0.1 23.31 24.07 47.38 OK
r-release-windows-ix86+x86_64 0.1 82.00 55.00 137.00 OK
r-release-osx-x86_64 0.1 OK
r-oldrel-windows-ix86+x86_64 0.1 48.00 54.00 102.00 OK
r-oldrel-osx-x86_64 0.1 OK

Check Details

Version: 0.1
Check: compiled code
Result: NOTE
    File ‘IHSEP/libs/IHSEP.so’:
     Found no calls to: ‘R_registerRoutines’, ‘R_useDynamicSymbols’
    
    It is good practice to register native routines and to disable symbol
    search.
    
    See ‘Writing portable packages’ in the ‘Writing R Extensions’ manual.
Flavors: r-devel-linux-x86_64-fedora-clang, r-devel-linux-x86_64-fedora-gcc