CRAN Package Check Results for Package IHSEP

Last updated on 2020-05-29 01:50:11 CEST.

Flavor Version Tinstall Tcheck Ttotal Status Flags
r-devel-linux-x86_64-debian-clang 0.1 35.50 27.20 62.70 OK
r-devel-linux-x86_64-debian-gcc 0.1 22.83 21.29 44.12 OK
r-devel-linux-x86_64-fedora-clang 0.1 87.23 NOTE
r-devel-linux-x86_64-fedora-gcc 0.1 72.72 NOTE
r-devel-windows-ix86+x86_64 0.1 87.00 82.00 169.00 OK
r-patched-linux-x86_64 0.1 25.06 26.90 51.96 OK
r-patched-solaris-x86 0.1 83.20 OK
r-release-linux-x86_64 0.1 26.07 26.90 52.97 OK
r-release-osx-x86_64 0.1 OK
r-release-windows-ix86+x86_64 0.1 65.00 83.00 148.00 OK
r-oldrel-osx-x86_64 0.1 OK
r-oldrel-windows-ix86+x86_64 0.1 88.00 60.00 148.00 OK

Check Details

Version: 0.1
Check: compiled code
Result: NOTE
    File ‘IHSEP/libs/IHSEP.so’:
     Found no calls to: ‘R_registerRoutines’, ‘R_useDynamicSymbols’
    
    It is good practice to register native routines and to disable symbol
    search.
    
    See ‘Writing portable packages’ in the ‘Writing R Extensions’ manual.
Flavors: r-devel-linux-x86_64-fedora-clang, r-devel-linux-x86_64-fedora-gcc