CRAN Package Check Results for Package InfiniumPurify

Last updated on 2020-06-03 01:50:49 CEST.

Flavor Version Tinstall Tcheck Ttotal Status Flags
r-devel-linux-x86_64-debian-clang 1.3.1 2.54 38.04 40.58 OK
r-devel-linux-x86_64-debian-gcc 1.3.1 1.93 28.93 30.86 OK
r-devel-linux-x86_64-fedora-clang 1.3.1 55.29 OK
r-devel-linux-x86_64-fedora-gcc 1.3.1 44.62 OK
r-devel-windows-ix86+x86_64 1.3.1 8.00 83.00 91.00 OK
r-patched-linux-x86_64 1.3.1 2.67 37.26 39.93 OK
r-patched-solaris-x86 1.3.1 68.60 NOTE
r-release-linux-x86_64 1.3.1 2.25 37.30 39.55 OK
r-release-osx-x86_64 1.3.1 OK
r-release-windows-ix86+x86_64 1.3.1 6.00 53.00 59.00 OK
r-oldrel-osx-x86_64 1.3.1 NOTE
r-oldrel-windows-ix86+x86_64 1.3.1 7.00 45.00 52.00 OK

Check Details

Version: 1.3.1
Check: Rd cross-references
Result: NOTE
    Package unavailable to check Rd xrefs: ‘minfi’
Flavors: r-patched-solaris-x86, r-oldrel-osx-x86_64