CRAN Package Check Results for Package InfiniumPurify

Last updated on 2019-10-20 01:46:51 CEST.

Flavor Version Tinstall Tcheck Ttotal Status Flags
r-devel-linux-x86_64-debian-clang 1.3.1 2.45 35.31 37.76 OK
r-devel-linux-x86_64-debian-gcc 1.3.1 1.85 27.01 28.86 OK
r-devel-linux-x86_64-fedora-clang 1.3.1 42.65 OK
r-devel-linux-x86_64-fedora-gcc 1.3.1 41.68 OK
r-devel-windows-ix86+x86_64 1.3.1 5.00 43.00 48.00 OK
r-patched-linux-x86_64 1.3.1 1.86 33.72 35.58 OK
r-patched-solaris-x86 1.3.1 62.70 NOTE
r-release-linux-x86_64 1.3.1 2.03 34.29 36.32 OK
r-release-windows-ix86+x86_64 1.3.1 5.00 65.00 70.00 OK
r-release-osx-x86_64 1.3.1 NOTE
r-oldrel-windows-ix86+x86_64 1.3.1 3.00 40.00 43.00 OK
r-oldrel-osx-x86_64 1.3.1 NOTE

Check Details

Version: 1.3.1
Check: Rd cross-references
Result: NOTE
    Package unavailable to check Rd xrefs: ‘minfi’
Flavors: r-patched-solaris-x86, r-release-osx-x86_64, r-oldrel-osx-x86_64