CRAN Package Check Results for Package InterfaceqPCR

Last updated on 2020-04-03 04:47:25 CEST.

Flavor Version Tinstall Tcheck Ttotal Status Flags
r-devel-linux-x86_64-debian-clang 1.0 13.69 87.22 100.91 OK
r-devel-linux-x86_64-debian-gcc 1.0 10.76 68.00 78.76 OK
r-devel-linux-x86_64-fedora-clang 1.0 125.48 OK
r-devel-linux-x86_64-fedora-gcc 1.0 115.60 OK
r-devel-windows-ix86+x86_64 1.0 17.00 67.00 84.00 OK
r-devel-windows-ix86+x86_64-gcc8 1.0 15.00 75.00 90.00 OK
r-patched-linux-x86_64 1.0 13.79 86.71 100.50 OK
r-patched-solaris-x86 1.0 152.60 OK
r-release-linux-x86_64 1.0 13.52 82.42 95.94 OK
r-release-windows-ix86+x86_64 1.0 16.00 79.00 95.00 OK
r-release-osx-x86_64 1.0 FAIL
r-oldrel-windows-ix86+x86_64 1.0 14.00 74.00 88.00 OK
r-oldrel-osx-x86_64 1.0 OK

Check Details

Version: 1.0
Check: whether package can be installed
Result: FAIL
Flavor: r-release-osx-x86_64