CRAN Package Check Results for Package JuniperKernel

Last updated on 2019-10-21 05:47:03 CEST.

Flavor Version Tinstall Tcheck Ttotal Status Flags
r-devel-linux-x86_64-debian-clang 1.4.1.0 36.69 26.26 62.95 NOTE
r-devel-linux-x86_64-debian-gcc 1.4.1.0 29.19 21.10 50.29 NOTE
r-devel-linux-x86_64-fedora-clang 1.4.1.0 87.06 NOTE
r-devel-linux-x86_64-fedora-gcc 1.4.1.0 84.67 NOTE
r-devel-windows-ix86+x86_64 1.4.1.0 124.00 62.00 186.00 NOTE
r-patched-linux-x86_64 1.4.1.0 32.26 25.63 57.89 NOTE
r-patched-solaris-x86 1.4.1.0 91.40 NOTE
r-release-linux-x86_64 1.4.1.0 30.37 25.60 55.97 NOTE
r-release-windows-ix86+x86_64 1.4.1.0 203.00 85.00 288.00 NOTE
r-release-osx-x86_64 1.4.1.0 NOTE
r-oldrel-windows-ix86+x86_64 1.4.1.0 119.00 60.00 179.00 OK
r-oldrel-osx-x86_64 1.4.1.0 OK

Check Details

Version: 1.4.1.0
Check: line endings in C/C++/Fortran sources/headers
Result: NOTE
    Found the following sources/headers not terminated with a newline:
     inst/include/jclient/control.h
     inst/include/jclient/hb.h
     inst/include/jclient/iomsg.h
     inst/include/jclient/shell.h
     inst/include/jclient/stdin.h
     inst/include/xtl/xvariant_impl.hpp
    Some compilers warn on such files.
Flavors: r-devel-linux-x86_64-debian-clang, r-devel-linux-x86_64-debian-gcc, r-devel-linux-x86_64-fedora-clang, r-devel-linux-x86_64-fedora-gcc, r-devel-windows-ix86+x86_64, r-patched-linux-x86_64, r-patched-solaris-x86, r-release-linux-x86_64, r-release-windows-ix86+x86_64, r-release-osx-x86_64

Version: 1.4.1.0
Check: installed package size
Result: NOTE
     installed size is 6.0Mb
     sub-directories of 1Mb or more:
     include 1.2Mb
     libs 4.6Mb
Flavor: r-devel-linux-x86_64-fedora-clang

Version: 1.4.1.0
Check: top-level files
Result: NOTE
    ‘configure’: /bin/bash is not portable
Flavors: r-devel-linux-x86_64-fedora-clang, r-devel-linux-x86_64-fedora-gcc