CRAN Package Check Results for Package KMDA

Last updated on 2020-07-12 18:49:59 CEST.

Flavor Version Tinstall Tcheck Ttotal Status Flags
r-devel-linux-x86_64-debian-clang 1.0 1.94 23.28 25.22 NOTE
r-devel-linux-x86_64-debian-gcc 1.0 1.81 18.00 19.81 NOTE
r-devel-linux-x86_64-fedora-clang 1.0 39.88 NOTE
r-devel-linux-x86_64-fedora-gcc 1.0 29.49 NOTE
r-devel-windows-ix86+x86_64 1.0 4.00 30.00 34.00 NOTE
r-patched-linux-x86_64 1.0 2.29 25.21 27.50 NOTE
r-patched-solaris-x86 1.0 50.20 NOTE
r-release-linux-x86_64 1.0 2.30 24.71 27.01 NOTE
r-release-macos-x86_64 1.0 NOTE
r-release-windows-ix86+x86_64 1.0 5.00 31.00 36.00 NOTE
r-oldrel-macos-x86_64 1.0 NOTE
r-oldrel-windows-ix86+x86_64 1.0 4.00 52.00 56.00 NOTE

Check Details

Version: 1.0
Check: R code for possible problems
Result: NOTE
    dscore: no visible global function definition for 'glm'
    dscore: no visible binding for global variable 'binomial'
    dscore: no visible global function definition for 'pnorm'
    pearson.group: no visible global function definition for 'cor'
    spearman.group: no visible global function definition for 'cor'
    sscore: no visible global function definition for 'glm'
    sscore: no visible binding for global variable 'binomial'
    sscore: no visible global function definition for 'pnorm'
    Undefined global functions or variables:
     binomial cor glm pnorm
    Consider adding
     importFrom("stats", "binomial", "cor", "glm", "pnorm")
    to your NAMESPACE file.
Flavors: r-devel-linux-x86_64-debian-clang, r-devel-linux-x86_64-debian-gcc, r-devel-linux-x86_64-fedora-clang, r-devel-linux-x86_64-fedora-gcc, r-devel-windows-ix86+x86_64, r-patched-linux-x86_64, r-patched-solaris-x86, r-release-linux-x86_64, r-release-macos-x86_64, r-release-windows-ix86+x86_64, r-oldrel-macos-x86_64, r-oldrel-windows-ix86+x86_64