CRAN Package Check Results for Package KScorrect

Last updated on 2019-11-14 00:53:02 CET.

Flavor Version Tinstall Tcheck Ttotal Status Flags
r-devel-linux-x86_64-debian-clang 1.4.0 2.84 27.69 30.53 OK
r-devel-linux-x86_64-debian-gcc 1.4.0 2.37 21.67 24.04 OK
r-devel-linux-x86_64-fedora-clang 1.4.0 36.97 OK
r-devel-linux-x86_64-fedora-gcc 1.4.0 36.15 OK
r-devel-windows-ix86+x86_64 1.4.0 10.00 51.00 61.00 OK
r-patched-linux-x86_64 1.4.0 2.22 26.59 28.81 OK
r-patched-solaris-x86 1.4.0 53.40 OK
r-release-linux-x86_64 1.4.0 2.30 26.78 29.08 OK
r-release-windows-ix86+x86_64 1.4.0 7.00 50.00 57.00 OK
r-release-osx-x86_64 1.4.0 OK
r-oldrel-windows-ix86+x86_64 1.2.4 10.00 55.00 65.00 OK
r-oldrel-osx-x86_64 1.4.0 ERROR

Check Details

Version: 1.4.0
Check: package dependencies
Result: ERROR
    Package required and available but unsuitable version: ‘parallel’
    
    See section ‘The DESCRIPTION file’ in the ‘Writing R Extensions’
    manual.
Flavor: r-oldrel-osx-x86_64