CRAN Package Check Results for Package KarsTS

Last updated on 2020-06-03 01:50:49 CEST.

Flavor Version Tinstall Tcheck Ttotal Status Flags
r-devel-linux-x86_64-debian-clang 2.2 19.95 86.73 106.68 OK
r-devel-linux-x86_64-debian-gcc 2.2 14.96 65.86 80.82 OK
r-devel-linux-x86_64-fedora-clang 2.2 137.51 NOTE
r-devel-linux-x86_64-fedora-gcc 2.2 131.97 NOTE
r-devel-windows-ix86+x86_64 2.2 47.00 117.00 164.00 ERROR
r-patched-linux-x86_64 2.2 15.75 86.59 102.34 OK
r-patched-solaris-x86 2.2 160.00 NOTE
r-release-linux-x86_64 2.2 15.62 87.62 103.24 OK
r-release-osx-x86_64 2.2 NOTE
r-release-windows-ix86+x86_64 2.2 33.00 100.00 133.00 OK
r-oldrel-osx-x86_64 2.2 FAIL
r-oldrel-windows-ix86+x86_64 2.2 28.00 88.00 116.00 OK

Check Details

Version: 2.2
Check: dependencies in R code
Result: NOTE
    Namespace in Imports field not imported from: ‘stinepack’
     All declared Imports should be used.
Flavors: r-devel-linux-x86_64-fedora-clang, r-devel-linux-x86_64-fedora-gcc, r-patched-solaris-x86, r-release-osx-x86_64

Version: 2.2
Check: examples
Result: ERROR
    Running examples in 'KarsTS-Ex.R' failed
    The error most likely occurred in:
    
    > ### Name: mainScreen
    > ### Title: mainScreen: launches the main screen
    > ### Aliases: mainScreen
    >
    > ### ** Examples
    >
    >
    > #Opens interface
    > KarsTS(skipWelcome = TRUE)
Flavor: r-devel-windows-ix86+x86_64

Version: 2.2
Check: dependencies in R code
Result: FAIL
Flavor: r-oldrel-osx-x86_64