CRAN Package Check Results for Package KraljicMatrix

Last updated on 2020-05-28 01:53:20 CEST.

Flavor Version Tinstall Tcheck Ttotal Status Flags
r-devel-linux-x86_64-debian-clang 0.2.1 4.76 53.27 58.03 OK
r-devel-linux-x86_64-debian-gcc 0.2.1 4.46 40.60 45.06 OK
r-devel-linux-x86_64-fedora-clang 0.2.1 74.49 NOTE
r-devel-linux-x86_64-fedora-gcc 0.2.1 68.86 NOTE
r-devel-windows-ix86+x86_64 0.2.1 18.00 90.00 108.00 OK
r-patched-linux-x86_64 0.2.1 4.79 52.20 56.99 OK
r-patched-solaris-x86 0.2.1 103.10 NOTE
r-release-linux-x86_64 0.2.1 5.62 51.39 57.01 OK
r-release-osx-x86_64 0.2.1 NOTE
r-release-windows-ix86+x86_64 0.2.1 14.00 92.00 106.00 OK
r-oldrel-osx-x86_64 0.2.1 NOTE
r-oldrel-windows-ix86+x86_64 0.2.1 10.00 66.00 76.00 OK

Check Details

Version: 0.2.1
Check: dependencies in R code
Result: NOTE
    Namespaces in Imports field not imported from:
     ‘dplyr’ ‘tibble’
     All declared Imports should be used.
Flavors: r-devel-linux-x86_64-fedora-clang, r-devel-linux-x86_64-fedora-gcc, r-patched-solaris-x86, r-release-osx-x86_64, r-oldrel-osx-x86_64