CRAN Package Check Results for Package KraljicMatrix

Last updated on 2019-10-19 01:50:16 CEST.

Flavor Version Tinstall Tcheck Ttotal Status Flags
r-devel-linux-x86_64-debian-clang 0.2.1 4.03 45.11 49.14 OK
r-devel-linux-x86_64-debian-gcc 0.2.1 3.65 35.23 38.88 OK
r-devel-linux-x86_64-fedora-clang 0.2.1 60.97 NOTE
r-devel-linux-x86_64-fedora-gcc 0.2.1 59.86 NOTE
r-devel-windows-ix86+x86_64 0.2.1 17.00 97.00 114.00 OK
r-patched-linux-x86_64 0.2.1 3.65 43.18 46.83 OK
r-patched-solaris-x86 0.2.1 87.00 NOTE
r-release-linux-x86_64 0.2.1 4.10 43.76 47.86 OK
r-release-windows-ix86+x86_64 0.2.1 11.00 61.00 72.00 OK
r-release-osx-x86_64 0.2.1 NOTE
r-oldrel-windows-ix86+x86_64 0.2.1 5.00 55.00 60.00 OK
r-oldrel-osx-x86_64 0.2.1 NOTE

Check Details

Version: 0.2.1
Check: dependencies in R code
Result: NOTE
    Namespaces in Imports field not imported from:
     ‘dplyr’ ‘tibble’
     All declared Imports should be used.
Flavors: r-devel-linux-x86_64-fedora-clang, r-devel-linux-x86_64-fedora-gcc, r-patched-solaris-x86, r-release-osx-x86_64, r-oldrel-osx-x86_64