CRAN Package Check Results for Package LAGOSNE

Last updated on 2020-07-04 02:50:12 CEST.

Flavor Version Tinstall Tcheck Ttotal Status Flags
r-devel-linux-x86_64-debian-clang 2.0.1 7.20 63.65 70.85 OK
r-devel-linux-x86_64-debian-gcc 2.0.1 6.14 47.91 54.05 OK
r-devel-linux-x86_64-fedora-clang 2.0.1 92.95 OK
r-devel-linux-x86_64-fedora-gcc 2.0.1 86.39 OK
r-devel-windows-ix86+x86_64 2.0.1 30.00 103.00 133.00 OK
r-patched-linux-x86_64 2.0.1 6.22 60.97 67.19 OK
r-patched-solaris-x86 2.0.1 137.20 OK
r-release-linux-x86_64 2.0.1 6.63 60.70 67.33 ERROR
r-release-osx-x86_64 2.0.1 OK
r-release-windows-ix86+x86_64 2.0.1 20.00 81.00 101.00 OK
r-oldrel-osx-x86_64 2.0.1 OK
r-oldrel-windows-ix86+x86_64 2.0.1 28.00 144.00 172.00 OK

Check Details

Version: 2.0.1
Check: tests
Result: ERROR
     Running ‘testthat.R’ [4s/20s]
    Running the tests in ‘tests/testthat.R’ failed.
    Complete output:
     > library(testthat)
     > library(LAGOSNE)
     >
     > test_check("LAGOSNE")
     ── 1. Failure: external download urls are active (@test-lagos_get.R#18) ───────
     LAGOSNE:::url_exists(...) isn't true.
    
     ══ testthat results ═══════════════════════════════════════════════════════════
     [ OK: 6 | SKIPPED: 9 | WARNINGS: 1 | FAILED: 1 ]
     1. Failure: external download urls are active (@test-lagos_get.R#18)
    
     Error: testthat unit tests failed
     Execution halted
Flavor: r-release-linux-x86_64