CRAN Package Check Results for Package LDheatmap

Last updated on 2019-10-14 01:46:26 CEST.

Flavor Version Tinstall Tcheck Ttotal Status Flags
r-devel-linux-x86_64-debian-clang 0.99-7 19.62 71.68 91.30 OK
r-devel-linux-x86_64-debian-gcc 0.99-7 14.67 55.42 70.09 OK
r-devel-linux-x86_64-fedora-clang 0.99-7 115.15 OK
r-devel-linux-x86_64-fedora-gcc 0.99-7 112.50 OK
r-devel-windows-ix86+x86_64 0.99-7 35.00 112.00 147.00 OK
r-patched-linux-x86_64 0.99-7 15.44 67.38 82.82 OK
r-patched-solaris-x86 0.99-7 137.30 OK
r-release-linux-x86_64 0.99-7 15.79 68.01 83.80 OK
r-release-windows-ix86+x86_64 0.99-7 46.00 114.00 160.00 OK
r-release-osx-x86_64 0.99-7 OK
r-oldrel-windows-ix86+x86_64 0.99-7 31.00 111.00 142.00 OK
r-oldrel-osx-x86_64 0.99-7 NOTE

Check Details

Version: 0.99-7
Check: package dependencies
Result: NOTE
    Package suggested but not available for checking: ‘rtracklayer’
Flavor: r-oldrel-osx-x86_64