CRAN Package Check Results for Package LPStimeSeries

Last updated on 2019-06-16 01:46:38 CEST.

Flavor Version Tinstall Tcheck Ttotal Status Flags
r-devel-linux-x86_64-debian-clang 1.0-5 3.18 41.56 44.74 NOTE
r-devel-linux-x86_64-debian-gcc 1.0-5 2.72 33.29 36.01 NOTE
r-devel-linux-x86_64-fedora-clang 1.0-5 55.37 NOTE
r-devel-linux-x86_64-fedora-gcc 1.0-5 52.35 NOTE
r-devel-windows-ix86+x86_64 1.0-5 11.00 83.00 94.00 NOTE
r-patched-linux-x86_64 1.0-5 3.40 40.37 43.77 NOTE
r-patched-solaris-x86 1.0-5 91.60 NOTE
r-release-linux-x86_64 1.0-5 3.12 40.53 43.65 NOTE
r-release-windows-ix86+x86_64 1.0-5 10.00 112.00 122.00 NOTE
r-release-osx-x86_64 1.0-5 NOTE
r-oldrel-windows-ix86+x86_64 1.0-5 9.00 74.00 83.00 NOTE
r-oldrel-osx-x86_64 1.0-5 NOTE

Check Details

Version: 1.0-5
Check: R code for possible problems
Result: NOTE
    learnPattern.default: no visible global function definition for 'runif'
    plot.learnPattern: no visible global function definition for 'matplot'
    plotMDS: no visible global function definition for 'par'
    plotMDS: no visible global function definition for 'rainbow'
    plotMDS: no visible global function definition for 'plot'
    plotMDS: no visible global function definition for 'pairs'
    visualizePattern: no visible global function definition for 'par'
    visualizePattern: no visible global function definition for 'plot'
    visualizePattern: no visible global function definition for 'points'
    visualizePattern: no visible global function definition for 'legend'
    Undefined global functions or variables:
     legend matplot pairs par plot points rainbow runif
    Consider adding
     importFrom("grDevices", "rainbow")
     importFrom("graphics", "legend", "matplot", "pairs", "par", "plot",
     "points")
     importFrom("stats", "runif")
    to your NAMESPACE file.
Flavors: r-devel-linux-x86_64-debian-clang, r-devel-linux-x86_64-debian-gcc, r-devel-linux-x86_64-fedora-clang, r-devel-linux-x86_64-fedora-gcc, r-devel-windows-ix86+x86_64, r-patched-linux-x86_64, r-patched-solaris-x86, r-release-linux-x86_64, r-release-windows-ix86+x86_64, r-release-osx-x86_64, r-oldrel-windows-ix86+x86_64, r-oldrel-osx-x86_64

Version: 1.0-5
Check: compiled code
Result: NOTE
    File ‘LPStimeSeries/libs/LPStimeSeries.so’:
     Found no calls to: ‘R_registerRoutines’, ‘R_useDynamicSymbols’
    
    It is good practice to register native routines and to disable symbol
    search.
    
    See ‘Writing portable packages’ in the ‘Writing R Extensions’ manual.
Flavors: r-devel-linux-x86_64-fedora-clang, r-devel-linux-x86_64-fedora-gcc