CRAN Package Check Results for Package LabRS

Last updated on 2019-08-19 03:46:52 CEST.

Flavor Version Tinstall Tcheck Ttotal Status Flags
r-devel-linux-x86_64-debian-clang 0.1.0 2.34 22.76 25.10 NOTE
r-devel-linux-x86_64-debian-gcc 0.1.0 1.89 18.55 20.44 NOTE
r-devel-linux-x86_64-fedora-clang 0.1.0 31.97 NOTE
r-devel-linux-x86_64-fedora-gcc 0.1.0 29.91 NOTE
r-devel-windows-ix86+x86_64 0.1.0 10.00 61.00 71.00 OK
r-patched-linux-x86_64 0.1.0 1.77 22.66 24.43 OK
r-patched-solaris-x86 0.1.0 48.40 OK
r-release-linux-x86_64 0.1.0 1.85 22.49 24.34 OK
r-release-windows-ix86+x86_64 0.1.0 4.00 35.00 39.00 OK
r-release-osx-x86_64 0.1.0 OK
r-oldrel-windows-ix86+x86_64 0.1.0 4.00 47.00 51.00 OK
r-oldrel-osx-x86_64 0.1.0 OK

Check Details

Version: 0.1.0
Check: for non-standard things in the check directory
Result: NOTE
    Found the following files/directories:
     'MYSLID.csv' 'tabelle.csv'
Flavors: r-devel-linux-x86_64-debian-clang, r-devel-linux-x86_64-debian-gcc, r-devel-linux-x86_64-fedora-clang, r-devel-linux-x86_64-fedora-gcc