CRAN Package Check Results for Package LabRS

Last updated on 2019-12-06 01:46:35 CET.

Flavor Version Tinstall Tcheck Ttotal Status Flags
r-devel-linux-x86_64-debian-clang 0.1.0 2.38 23.51 25.89 NOTE
r-devel-linux-x86_64-debian-gcc 0.1.0 1.81 18.97 20.78 NOTE
r-devel-linux-x86_64-fedora-clang 0.1.0 30.50 NOTE
r-devel-linux-x86_64-fedora-gcc 0.1.0 30.09 NOTE
r-devel-windows-ix86+x86_64 0.1.0 5.00 38.00 43.00 OK
r-devel-windows-ix86+x86_64-gcc8 0.1.0 6.00 37.00 43.00 OK
r-patched-linux-x86_64 0.1.0 2.01 22.21 24.22 OK
r-patched-solaris-x86 0.1.0 47.90 OK
r-release-linux-x86_64 0.1.0 1.62 21.96 23.58 OK
r-release-windows-ix86+x86_64 0.1.0 7.00 35.00 42.00 OK
r-release-osx-x86_64 0.1.0 OK
r-oldrel-windows-ix86+x86_64 0.1.0 3.00 55.00 58.00 OK
r-oldrel-osx-x86_64 0.1.0 OK

Check Details

Version: 0.1.0
Check: for non-standard things in the check directory
Result: NOTE
    Found the following files/directories:
     'MYSLID.csv' 'tabelle.csv'
Flavors: r-devel-linux-x86_64-debian-clang, r-devel-linux-x86_64-debian-gcc, r-devel-linux-x86_64-fedora-clang, r-devel-linux-x86_64-fedora-gcc