CRAN Package Check Results for Package LabourMarketAreas

Last updated on 2019-10-17 02:47:26 CEST.

Flavor Version Tinstall Tcheck Ttotal Status Flags
r-devel-linux-x86_64-debian-clang 3.2.2 12.84 114.90 127.74 OK
r-devel-linux-x86_64-debian-gcc 3.2.2 10.72 92.21 102.93 OK
r-devel-linux-x86_64-fedora-clang 3.2.2 146.81 NOTE
r-devel-linux-x86_64-fedora-gcc 3.2.2 144.97 NOTE
r-devel-windows-ix86+x86_64 3.2.2 40.00 187.00 227.00 OK
r-patched-linux-x86_64 3.2.2 11.20 109.16 120.36 OK
r-patched-solaris-x86 3.2.2 215.60 NOTE
r-release-linux-x86_64 3.2.2 10.43 118.72 129.15 OK
r-release-windows-ix86+x86_64 3.2.2 25.00 197.00 222.00 OK
r-release-osx-x86_64 3.2.2 NOTE
r-oldrel-windows-ix86+x86_64 3.2.2 17.00 110.00 127.00 OK
r-oldrel-osx-x86_64 3.2.2 NOTE

Check Details

Version: 3.2.2
Check: data for non-ASCII characters
Result: NOTE
     Note: found 15 marked UTF-8 strings
Flavors: r-devel-linux-x86_64-fedora-clang, r-devel-linux-x86_64-fedora-gcc, r-patched-solaris-x86, r-release-osx-x86_64, r-oldrel-osx-x86_64