CRAN Package Check Results for Package LinRegInteractive

Last updated on 2020-05-28 01:53:20 CEST.

Flavor Version Tinstall Tcheck Ttotal Status Flags
r-devel-linux-x86_64-debian-clang 0.3-3 4.94 41.30 46.24 OK
r-devel-linux-x86_64-debian-gcc 0.3-3 3.75 32.65 36.40 OK
r-devel-linux-x86_64-fedora-clang 0.3-3 60.04 OK
r-devel-linux-x86_64-fedora-gcc 0.3-3 57.82 OK
r-devel-windows-ix86+x86_64 0.3-3 12.00 78.00 90.00 OK
r-patched-linux-x86_64 0.3-3 5.24 42.30 47.54 OK
r-patched-solaris-x86 0.3-3 78.60 OK
r-release-linux-x86_64 0.3-3 4.81 41.67 46.48 OK
r-release-osx-x86_64 0.3-3 ERROR
r-release-windows-ix86+x86_64 0.3-3 9.00 77.00 86.00 OK
r-oldrel-osx-x86_64 0.3-3 ERROR
r-oldrel-windows-ix86+x86_64 0.3-3 10.00 57.00 67.00 OK

Check Details

Version: 0.3-3
Check: package dependencies
Result: ERROR
    Package required but not available: ‘rpanel’
    
    See section ‘The DESCRIPTION file’ in the ‘Writing R Extensions’
    manual.
Flavors: r-release-osx-x86_64, r-oldrel-osx-x86_64