CRAN Package Check Results for Package MAd

Last updated on 2019-11-14 00:53:03 CET.

Flavor Version Tinstall Tcheck Ttotal Status Flags
r-devel-linux-x86_64-debian-clang 0.8-2.1 6.44 42.55 48.99 NOTE
r-devel-linux-x86_64-debian-gcc 0.8-2.1 4.52 32.81 37.33 NOTE
r-devel-linux-x86_64-fedora-clang 0.8-2.1 57.90 NOTE
r-devel-linux-x86_64-fedora-gcc 0.8-2.1 58.92 NOTE
r-devel-windows-ix86+x86_64 0.8-2.1 13.00 77.00 90.00 NOTE
r-patched-linux-x86_64 0.8-2.1 5.52 41.46 46.98 NOTE
r-patched-solaris-x86 0.8-2.1 77.10 NOTE
r-release-linux-x86_64 0.8-2.1 4.94 40.91 45.85 NOTE
r-release-windows-ix86+x86_64 0.8-2.1 14.00 73.00 87.00 NOTE
r-release-osx-x86_64 0.8-2.1 NOTE
r-oldrel-windows-ix86+x86_64 0.8-2.1 7.00 69.00 76.00 NOTE
r-oldrel-osx-x86_64 0.8-2.1 NOTE

Check Details

Version: 0.8-2.1
Check: package dependencies
Result: NOTE
    Package suggested but not available for checking: 'R2wd'
Flavors: r-devel-linux-x86_64-debian-clang, r-devel-linux-x86_64-debian-gcc, r-devel-linux-x86_64-fedora-clang, r-devel-linux-x86_64-fedora-gcc, r-patched-linux-x86_64, r-patched-solaris-x86, r-release-linux-x86_64, r-release-osx-x86_64, r-oldrel-osx-x86_64

Version: 0.8-2.1
Check: dependencies in R code
Result: NOTE
    'library' or 'require' calls in package code:
     'R2wd' 'ggplot2' 'metafor'
     Please use :: or requireNamespace() instead.
     See section 'Suggested packages' in the 'Writing R Extensions' manual.
Flavors: r-devel-linux-x86_64-debian-clang, r-devel-linux-x86_64-debian-gcc, r-devel-linux-x86_64-fedora-clang, r-devel-linux-x86_64-fedora-gcc, r-devel-windows-ix86+x86_64, r-patched-linux-x86_64, r-patched-solaris-x86, r-release-linux-x86_64, r-release-windows-ix86+x86_64, r-release-osx-x86_64, r-oldrel-windows-ix86+x86_64, r-oldrel-osx-x86_64