CRAN Package Check Results for Package MAd

Last updated on 2020-06-03 01:50:50 CEST.

Flavor Version Tinstall Tcheck Ttotal Status Flags
r-devel-linux-x86_64-debian-clang 0.8-2.1 6.32 45.99 52.31 NOTE
r-devel-linux-x86_64-debian-gcc 0.8-2.1 5.31 35.23 40.54 NOTE
r-devel-linux-x86_64-fedora-clang 0.8-2.1 71.73 NOTE
r-devel-linux-x86_64-fedora-gcc 0.8-2.1 62.02 NOTE
r-devel-windows-ix86+x86_64 0.8-2.1 13.00 122.00 135.00 NOTE
r-patched-linux-x86_64 0.8-2.1 6.04 46.42 52.46 NOTE
r-patched-solaris-x86 0.8-2.1 83.90 NOTE
r-release-linux-x86_64 0.8-2.1 5.84 45.89 51.73 NOTE
r-release-osx-x86_64 0.8-2.1 NOTE
r-release-windows-ix86+x86_64 0.8-2.1 10.00 64.00 74.00 NOTE
r-oldrel-osx-x86_64 0.8-2.1 NOTE
r-oldrel-windows-ix86+x86_64 0.8-2.1 24.00 57.00 81.00 NOTE

Check Details

Version: 0.8-2.1
Check: package dependencies
Result: NOTE
    Package suggested but not available for checking: 'R2wd'
Flavors: r-devel-linux-x86_64-debian-clang, r-devel-linux-x86_64-debian-gcc, r-devel-linux-x86_64-fedora-clang, r-devel-linux-x86_64-fedora-gcc, r-patched-linux-x86_64, r-patched-solaris-x86, r-release-linux-x86_64, r-release-osx-x86_64, r-oldrel-osx-x86_64

Version: 0.8-2.1
Check: dependencies in R code
Result: NOTE
    'library' or 'require' calls in package code:
     'R2wd' 'ggplot2' 'metafor'
     Please use :: or requireNamespace() instead.
     See section 'Suggested packages' in the 'Writing R Extensions' manual.
Flavors: r-devel-linux-x86_64-debian-clang, r-devel-linux-x86_64-debian-gcc, r-devel-linux-x86_64-fedora-clang, r-devel-linux-x86_64-fedora-gcc, r-devel-windows-ix86+x86_64, r-patched-linux-x86_64, r-patched-solaris-x86, r-release-linux-x86_64, r-release-osx-x86_64, r-release-windows-ix86+x86_64, r-oldrel-osx-x86_64, r-oldrel-windows-ix86+x86_64