CRAN Package Check Results for Package MetProc

Last updated on 2020-04-03 04:47:27 CEST.

Flavor Version Tinstall Tcheck Ttotal Status Flags
r-devel-linux-x86_64-debian-clang 1.0.1 3.03 37.49 40.52 NOTE
r-devel-linux-x86_64-debian-gcc 1.0.1 2.38 26.96 29.34 NOTE
r-devel-linux-x86_64-fedora-clang 1.0.1 53.82 NOTE
r-devel-linux-x86_64-fedora-gcc 1.0.1 47.67 NOTE
r-devel-windows-ix86+x86_64 1.0.1 8.00 48.00 56.00 OK
r-devel-windows-ix86+x86_64-gcc8 1.0.1 7.00 49.00 56.00 OK
r-patched-linux-x86_64 1.0.1 2.60 35.78 38.38 NOTE
r-patched-solaris-x86 1.0.1 81.50 NOTE
r-release-linux-x86_64 1.0.1 2.06 34.91 36.97 OK
r-release-windows-ix86+x86_64 1.0.1 6.00 53.00 59.00 OK
r-release-osx-x86_64 1.0.1 OK
r-oldrel-windows-ix86+x86_64 1.0.1 8.00 45.00 53.00 OK
r-oldrel-osx-x86_64 1.0.1 OK

Check Details

Version: 1.0.1
Check: for non-standard things in the check directory
Result: NOTE
    Found the following files/directories:
     'MetProc_output.pdf' 'sample_removed.csv' 'sample_retained.csv'
Flavors: r-devel-linux-x86_64-debian-clang, r-devel-linux-x86_64-debian-gcc, r-devel-linux-x86_64-fedora-clang, r-devel-linux-x86_64-fedora-gcc, r-patched-linux-x86_64, r-patched-solaris-x86