CRAN Package Check Results for Package MetaLandSim

Last updated on 2019-09-18 01:46:58 CEST.

Flavor Version Tinstall Tcheck Ttotal Status Flags
r-devel-linux-x86_64-debian-clang 1.0.6 29.68 259.34 289.02 OK
r-devel-linux-x86_64-debian-gcc 1.0.6 22.75 206.02 228.77 OK
r-devel-linux-x86_64-fedora-clang 1.0.6 363.04 NOTE
r-devel-linux-x86_64-fedora-gcc 1.0.6 360.07 NOTE
r-devel-windows-ix86+x86_64 1.0.6 68.00 366.00 434.00 OK
r-patched-linux-x86_64 1.0.6 28.18 261.82 290.00 OK
r-patched-solaris-x86 1.0.6 547.50 NOTE
r-release-linux-x86_64 1.0.6 30.64 263.13 293.77 OK
r-release-windows-ix86+x86_64 1.0.6 43.00 243.00 286.00 OK
r-release-osx-x86_64 1.0.6 NOTE
r-oldrel-windows-ix86+x86_64 1.0.6 40.00 321.00 361.00 OK
r-oldrel-osx-x86_64 1.0.6 NOTE

Check Details

Version: 1.0.6
Check: dependencies in R code
Result: NOTE
    Namespace in Imports field not imported from: ‘knitr’
     All declared Imports should be used.
Flavors: r-devel-linux-x86_64-fedora-clang, r-devel-linux-x86_64-fedora-gcc, r-patched-solaris-x86, r-release-osx-x86_64, r-oldrel-osx-x86_64