CRAN Package Check Results for Package MetaLandSim

Last updated on 2020-06-02 01:55:35 CEST.

Flavor Version Tinstall Tcheck Ttotal Status Flags
r-devel-linux-x86_64-debian-clang 1.0.6 32.49 289.33 321.82 WARN
r-devel-linux-x86_64-debian-gcc 1.0.6 25.86 217.76 243.62 WARN
r-devel-linux-x86_64-fedora-clang 1.0.6 399.92 WARN
r-devel-linux-x86_64-fedora-gcc 1.0.6 387.90 WARN
r-devel-windows-ix86+x86_64 1.0.6 61.00 385.00 446.00 WARN
r-patched-linux-x86_64 1.0.6 32.58 284.30 316.88 OK
r-patched-solaris-x86 1.0.6 606.70 NOTE
r-release-linux-x86_64 1.0.6 34.11 284.64 318.75 OK
r-release-osx-x86_64 1.0.6 NOTE
r-release-windows-ix86+x86_64 1.0.6 47.00 329.00 376.00 OK
r-oldrel-osx-x86_64 1.0.6 NOTE
r-oldrel-windows-ix86+x86_64 1.0.6 48.00 287.00 335.00 OK

Check Details

Version: 1.0.6
Check: whether the namespace can be loaded with stated dependencies
Result: WARN
    Warning: S4 exports specified in 'NAMESPACE' but not defined in package 'MetaLandSim'
Flavors: r-devel-linux-x86_64-debian-clang, r-devel-linux-x86_64-debian-gcc, r-devel-linux-x86_64-fedora-clang, r-devel-linux-x86_64-fedora-gcc

Version: 1.0.6
Check: dependencies in R code
Result: NOTE
    Namespace in Imports field not imported from: ‘knitr’
     All declared Imports should be used.
Flavors: r-devel-linux-x86_64-fedora-clang, r-devel-linux-x86_64-fedora-gcc, r-patched-solaris-x86, r-release-osx-x86_64, r-oldrel-osx-x86_64

Version: 1.0.6
Check: whether package can be installed
Result: WARN
    Found the following significant warnings:
     Warning: S4 exports specified in 'NAMESPACE' but not defined in package 'MetaLandSim'
Flavor: r-devel-windows-ix86+x86_64

Version: 1.0.6
Check: whether the namespace can be loaded with stated dependencies
Result: NOTE
    Warning: S4 exports specified in 'NAMESPACE' but not defined in package 'MetaLandSim'
    
    A namespace must be able to be loaded with just the base namespace
    loaded: otherwise if the namespace gets loaded by a saved object, the
    session will be unable to start.
    
    Probably some imports need to be declared in the NAMESPACE file.
Flavor: r-devel-windows-ix86+x86_64