CRAN Package Check Results for Package MobileTrigger

Last updated on 2020-03-31 01:52:46 CEST.

Flavor Version Tinstall Tcheck Ttotal Status Flags
r-devel-linux-x86_64-debian-clang 0.0.31 14.16 107.93 122.09 OK
r-devel-linux-x86_64-debian-gcc 0.0.31 10.88 80.83 91.71 OK
r-devel-linux-x86_64-fedora-clang 0.0.31 144.18 NOTE
r-devel-linux-x86_64-fedora-gcc 0.0.31 141.86 NOTE
r-devel-windows-ix86+x86_64 0.0.31 30.00 117.00 147.00 OK
r-devel-windows-ix86+x86_64-gcc8 0.0.31 27.00 108.00 135.00 OK
r-patched-linux-x86_64 0.0.31 12.94 101.91 114.85 OK
r-patched-solaris-x86 0.0.31 220.00 NOTE
r-release-linux-x86_64 0.0.31 11.69 93.96 105.65 OK
r-release-windows-ix86+x86_64 0.0.31 27.00 161.00 188.00 OK
r-release-osx-x86_64 0.0.31 NOTE
r-oldrel-windows-ix86+x86_64 0.0.31 26.00 175.00 201.00 OK
r-oldrel-osx-x86_64 0.0.31 NOTE

Check Details

Version: 0.0.31
Check: dependencies in R code
Result: NOTE
    Namespace in Imports field not imported from: ‘ggplot2’
     All declared Imports should be used.
Flavors: r-devel-linux-x86_64-fedora-clang, r-devel-linux-x86_64-fedora-gcc, r-patched-solaris-x86, r-release-osx-x86_64, r-oldrel-osx-x86_64