CRAN Package Check Results for Package NPHMC

Last updated on 2019-10-18 01:46:32 CEST.

Flavor Version Tinstall Tcheck Ttotal Status Flags
r-devel-linux-x86_64-debian-clang 2.2 6.57 47.61 54.18 NOTE
r-devel-linux-x86_64-debian-gcc 2.2 5.82 38.22 44.04 NOTE
r-devel-linux-x86_64-fedora-clang 2.2 69.48 NOTE
r-devel-linux-x86_64-fedora-gcc 2.2 66.42 NOTE
r-devel-windows-ix86+x86_64 2.2 19.00 56.00 75.00 NOTE
r-patched-linux-x86_64 2.2 5.55 46.45 52.00 NOTE
r-patched-solaris-x86 2.2 108.80 NOTE
r-release-linux-x86_64 2.2 4.80 45.88 50.68 NOTE
r-release-windows-ix86+x86_64 2.2 14.00 83.00 97.00 NOTE
r-release-osx-x86_64 2.2 NOTE
r-oldrel-windows-ix86+x86_64 2.2 5.00 57.00 62.00 NOTE
r-oldrel-osx-x86_64 2.2 NOTE

Check Details

Version: 2.2
Check: DESCRIPTION meta-information
Result: NOTE
    Malformed Description field: should contain one or more complete sentences.
Flavors: r-devel-linux-x86_64-debian-clang, r-devel-linux-x86_64-debian-gcc, r-devel-linux-x86_64-fedora-clang, r-devel-linux-x86_64-fedora-gcc, r-devel-windows-ix86+x86_64, r-patched-linux-x86_64, r-patched-solaris-x86, r-release-linux-x86_64, r-release-windows-ix86+x86_64, r-release-osx-x86_64, r-oldrel-windows-ix86+x86_64, r-oldrel-osx-x86_64

Version: 2.2
Check: dependencies in R code
Result: NOTE
    Packages in Depends field not imported from:
     'smcure' 'survival'
     These packages need to be imported from (in the NAMESPACE file)
     for when this namespace is loaded but not attached.
Flavors: r-devel-linux-x86_64-debian-clang, r-devel-linux-x86_64-debian-gcc, r-devel-linux-x86_64-fedora-clang, r-devel-linux-x86_64-fedora-gcc, r-devel-windows-ix86+x86_64, r-patched-linux-x86_64, r-patched-solaris-x86, r-release-linux-x86_64, r-release-windows-ix86+x86_64, r-release-osx-x86_64, r-oldrel-windows-ix86+x86_64, r-oldrel-osx-x86_64

Version: 2.2
Check: R code for possible problems
Result: NOTE
    NPHMC: no visible global function definition for 'integrate'
    NPHMC: no visible global function definition for 'qnorm'
    NPHMC: no visible global function definition for 'pnorm'
    NPHMC: no visible global function definition for 'plot'
    NPHMC: no visible global function definition for 'lines'
    NPHMC: no visible global function definition for 'smcure'
    NPHMC: no visible global function definition for 'coxph'
    Undefined global functions or variables:
     coxph integrate lines plot pnorm qnorm smcure
    Consider adding
     importFrom("graphics", "lines", "plot")
     importFrom("stats", "integrate", "pnorm", "qnorm")
    to your NAMESPACE file.
Flavors: r-devel-linux-x86_64-debian-clang, r-devel-linux-x86_64-debian-gcc, r-devel-linux-x86_64-fedora-clang, r-devel-linux-x86_64-fedora-gcc, r-devel-windows-ix86+x86_64, r-patched-linux-x86_64, r-patched-solaris-x86, r-release-linux-x86_64, r-release-windows-ix86+x86_64, r-release-osx-x86_64, r-oldrel-windows-ix86+x86_64, r-oldrel-osx-x86_64