CRAN Package Check Results for Package NPflow

Last updated on 2019-10-18 01:46:32 CEST.

Flavor Version Tinstall Tcheck Ttotal Status Flags
r-devel-linux-x86_64-debian-clang 0.13.1 252.14 102.41 354.55 NOTE
r-devel-linux-x86_64-debian-gcc 0.13.1 182.20 77.39 259.59 NOTE
r-devel-linux-x86_64-fedora-clang 0.13.1 512.19 NOTE
r-devel-linux-x86_64-fedora-gcc 0.13.1 461.50 NOTE
r-devel-windows-ix86+x86_64 0.13.1 542.00 250.00 792.00 OK
r-patched-linux-x86_64 0.13.1 203.11 98.83 301.94 NOTE
r-patched-solaris-x86 0.13.1 397.90 OK
r-release-linux-x86_64 0.13.1 200.83 100.85 301.68 NOTE
r-release-windows-ix86+x86_64 0.13.1 380.00 167.00 547.00 OK
r-release-osx-x86_64 0.13.1 NOTE
r-oldrel-windows-ix86+x86_64 0.13.1 401.00 176.00 577.00 OK
r-oldrel-osx-x86_64 0.13.1 OK

Check Details

Version: 0.13.1
Check: use of SHLIB_OPENMP_*FLAGS in Makefiles
Result: NOTE
     src/Makevars: SHLIB_OPENMP_CXXFLAGS is included in PKG_CXXFLAGS but not in PKG_LIBS
     src/Makevars: SHLIB_OPENMP_CFLAGS is included in PKG_LIBS but linking is by C++
     src/Makevars.win: SHLIB_OPENMP_CXXFLAGS is included in PKG_CXXFLAGS but not in PKG_LIBS
     src/Makevars.win: SHLIB_OPENMP_CFLAGS is included in PKG_LIBS but linking is by C++
    Use of these macros is discussed in sect 1.2.1.1 of 'Writing R
    Extensions'. The macros for different languages may differ so the
    matching macro must be used in PKG_CXXFLAGS (etc) and match that used
    in PKG_LIBS (except for Fortran: see the manual).
Flavors: r-devel-linux-x86_64-debian-clang, r-devel-linux-x86_64-debian-gcc, r-devel-linux-x86_64-fedora-clang, r-devel-linux-x86_64-fedora-gcc, r-patched-linux-x86_64, r-release-linux-x86_64

Version: 0.13.1
Check: installed package size
Result: NOTE
     installed size is 8.5Mb
     sub-directories of 1Mb or more:
     libs 7.9Mb
Flavors: r-devel-linux-x86_64-fedora-clang, r-release-osx-x86_64