CRAN Package Check Results for Package NPflow

Last updated on 2020-05-28 01:53:23 CEST.

Flavor Version Tinstall Tcheck Ttotal Status Flags
r-devel-linux-x86_64-debian-clang 0.13.3 288.75 113.91 402.66 OK
r-devel-linux-x86_64-debian-gcc 0.13.3 210.18 84.53 294.71 OK
r-devel-linux-x86_64-fedora-clang 0.13.3 586.36 NOTE
r-devel-linux-x86_64-fedora-gcc 0.13.3 531.18 OK
r-devel-windows-ix86+x86_64 0.13.3 701.00 260.00 961.00 OK
r-patched-linux-x86_64 0.13.3 212.75 109.54 322.29 OK
r-patched-solaris-x86 0.13.3 463.50 OK
r-release-linux-x86_64 0.13.3 219.87 111.14 331.01 OK
r-release-osx-x86_64 0.13.3 NOTE
r-release-windows-ix86+x86_64 0.13.3 583.00 265.00 848.00 OK
r-oldrel-osx-x86_64 0.13.3 NOTE
r-oldrel-windows-ix86+x86_64 0.13.3 514.00 189.00 703.00 OK

Check Details

Version: 0.13.3
Check: installed package size
Result: NOTE
     installed size is 10.1Mb
     sub-directories of 1Mb or more:
     libs 9.4Mb
Flavors: r-devel-linux-x86_64-fedora-clang, r-release-osx-x86_64, r-oldrel-osx-x86_64