CRAN Package Check Results for Package NlinTS

Last updated on 2019-10-19 01:50:19 CEST.

Flavor Version Tinstall Tcheck Ttotal Status Flags
r-devel-linux-x86_64-debian-clang 1.3.7 96.73 44.05 140.78 OK
r-devel-linux-x86_64-debian-gcc 1.3.7 70.67 34.76 105.43 OK
r-devel-linux-x86_64-fedora-clang 1.3.7 212.05 NOTE
r-devel-linux-x86_64-fedora-gcc 1.3.7 180.53 OK
r-devel-windows-ix86+x86_64 1.3.7 253.00 84.00 337.00 OK
r-patched-linux-x86_64 1.3.7 70.45 43.57 114.02 OK
r-patched-solaris-x86 1.3.7 175.50 OK
r-release-linux-x86_64 1.3.7 70.46 42.92 113.38 OK
r-release-windows-ix86+x86_64 1.3.7 195.00 134.00 329.00 OK
r-release-osx-x86_64 1.3.7 NOTE
r-oldrel-windows-ix86+x86_64 1.3.7 176.00 81.00 257.00 OK
r-oldrel-osx-x86_64 1.3.7 NOTE

Check Details

Version: 1.3.7
Check: installed package size
Result: NOTE
     installed size is 6.9Mb
     sub-directories of 1Mb or more:
     libs 6.8Mb
Flavors: r-devel-linux-x86_64-fedora-clang, r-release-osx-x86_64, r-oldrel-osx-x86_64