CRAN Package Check Results for Package NlinTS

Last updated on 2020-05-28 01:53:23 CEST.

Flavor Version Tinstall Tcheck Ttotal Status Flags
r-devel-linux-x86_64-debian-clang 1.3.8 109.05 48.33 157.38 OK
r-devel-linux-x86_64-debian-gcc 1.3.8 77.06 37.97 115.03 OK
r-devel-linux-x86_64-fedora-clang 1.3.8 217.67 NOTE
r-devel-linux-x86_64-fedora-gcc 1.3.8 186.61 OK
r-devel-windows-ix86+x86_64 1.3.8 256.00 119.00 375.00 OK
r-patched-linux-x86_64 1.3.8 84.92 47.71 132.63 OK
r-patched-solaris-x86 1.3.8 185.90 OK
r-release-linux-x86_64 1.3.8 78.99 47.45 126.44 OK
r-release-osx-x86_64 1.3.8 NOTE
r-release-windows-ix86+x86_64 1.3.8 201.00 123.00 324.00 OK
r-oldrel-osx-x86_64 1.3.8 NOTE
r-oldrel-windows-ix86+x86_64 1.3.8 218.00 94.00 312.00 OK

Check Details

Version: 1.3.8
Check: installed package size
Result: NOTE
     installed size is 7.9Mb
     sub-directories of 1Mb or more:
     libs 7.7Mb
Flavors: r-devel-linux-x86_64-fedora-clang, r-release-osx-x86_64, r-oldrel-osx-x86_64