CRAN Package Check Results for Package OpenStreetMap

Last updated on 2019-11-22 00:49:20 CET.

Flavor Version Tinstall Tcheck Ttotal Status Flags
r-devel-linux-x86_64-debian-clang 0.3.4 13.77 94.71 108.48 OK
r-devel-linux-x86_64-debian-gcc 0.3.4 11.64 77.14 88.78 OK
r-devel-linux-x86_64-fedora-clang 0.3.4 130.88 OK
r-devel-linux-x86_64-fedora-gcc 0.3.4 137.03 OK
r-devel-windows-ix86+x86_64 0.3.4 25.00 6.00 31.00 ERROR
r-devel-windows-ix86+x86_64-gcc8 0.3.4 15.00 4.00 19.00 ERROR
r-patched-linux-x86_64 0.3.4 13.15 88.87 102.02 OK
r-patched-solaris-x86 0.3.4 180.80 OK
r-release-linux-x86_64 0.3.4 12.43 88.20 100.63 OK
r-release-windows-ix86+x86_64 0.3.4 31.00 132.00 163.00 OK
r-release-osx-x86_64 0.3.4 OK
r-oldrel-windows-ix86+x86_64 0.3.4 14.00 82.00 96.00 WARN
r-oldrel-osx-x86_64 0.3.4 OK

Check Details

Version: 0.3.4
Check: whether package can be installed
Result: ERROR
    Installation failed.
Flavors: r-devel-windows-ix86+x86_64, r-devel-windows-ix86+x86_64-gcc8

Version: 0.3.4
Check: whether package can be installed
Result: WARN
    Found the following significant warnings:
     Warning: S3 methods '[.fun_list', '[.grouped_df', 'all.equal.tbl_df', 'anti_join.data.frame', 'anti_join.tbl_df', 'arrange.data.frame', 'arrange.default', 'arrange.grouped_df', 'arrange.tbl_df', 'arrange_.data.frame', 'arrange_.tbl_df', 'as.data.frame.grouped_df', 'as.data.frame.rowwise_df', 'as.data.frame.tbl_cube', 'as.table.tbl_cube', 'as.tbl.data.frame', 'as.tbl.tbl', 'as.tbl_cube.array', 'as.tbl_cube.data.frame', 'as.tbl_cube.matrix', 'as.tbl_cube.table', 'as_tibble.grouped_df', 'as_tibble.tbl_cube', 'auto_copy.tbl_cube', 'auto_copy.tbl_df', 'cbind.grouped_df', 'collapse.data.frame', 'collect.data.frame', 'common_by.NULL', 'common_by.character', 'common_by.default', 'common_by.list', 'compute.data.frame', 'copy_to.DBIConnection', 'copy_to.src_local', 'default_missing.data.frame', 'default_missing.default', 'dim.tbl_cube', 'distinct.data.frame', 'distinct.default', 'distinct.grouped_df', 'distinct.tbl_df', 'distinct_.data.frame', 'distinct_.grouped_df', 'distinct_.tbl_df', 'do.NULL', 'do.da [... truncated]
Flavor: r-oldrel-windows-ix86+x86_64