CRAN Package Check Results for Package PAutilities

Last updated on 2020-04-08 01:49:04 CEST.

Flavor Version Tinstall Tcheck Ttotal Status Flags
r-devel-linux-x86_64-debian-clang 0.3.1 7.44 71.26 78.70 OK
r-devel-linux-x86_64-debian-gcc 0.3.1 6.14 54.60 60.74 OK
r-devel-linux-x86_64-fedora-clang 0.3.1 93.19 WARN
r-devel-linux-x86_64-fedora-gcc 0.3.1 96.13 OK
r-devel-windows-ix86+x86_64 0.3.1 17.00 101.00 118.00 OK
r-devel-windows-ix86+x86_64-gcc8 0.3.1 16.00 77.00 93.00 OK
r-patched-linux-x86_64 0.3.1 8.05 67.71 75.76 OK
r-patched-solaris-x86 0.3.1 129.20 OK
r-release-linux-x86_64 0.3.1 6.04 62.86 68.90 OK
r-release-windows-ix86+x86_64 0.3.1 16.00 111.00 127.00 OK
r-release-osx-x86_64 0.3.1 OK
r-oldrel-windows-ix86+x86_64 0.3.1 11.00 78.00 89.00 OK
r-oldrel-osx-x86_64 0.3.1 OK

Check Details

Version: 0.3.1
Check: package dependencies
Result: WARN
    Requires orphaned package: ‘clues’
Flavor: r-devel-linux-x86_64-fedora-clang