CRAN Package Check Results for Package PDFEstimator

Last updated on 2020-09-15 02:53:24 CEST.

Flavor Version Tinstall Tcheck Ttotal Status Flags
r-devel-linux-x86_64-debian-clang 0.1-3 16.20 17.13 33.33 OK
r-devel-linux-x86_64-debian-gcc 0.1-3 12.47 13.77 26.24 OK
r-devel-linux-x86_64-fedora-clang 0.1-3 61.87 NOTE
r-devel-linux-x86_64-fedora-gcc 0.1-3 42.64 NOTE
r-devel-windows-ix86+x86_64 0.1-3 41.00 40.00 81.00 OK
r-patched-linux-x86_64 0.1-3 12.17 17.12 29.29 OK
r-patched-solaris-x86 0.1-3 68.80 OK
r-release-linux-x86_64 0.1-3 12.81 17.12 29.93 OK
r-release-macos-x86_64 0.1-3 OK
r-release-windows-ix86+x86_64 0.1-3 38.00 41.00 79.00 OK
r-oldrel-macos-x86_64 0.1-3 OK
r-oldrel-windows-ix86+x86_64 0.1-3 29.00 55.00 84.00 OK

Check Details

Version: 0.1-3
Check: compiled code
Result: NOTE
    File ‘PDFEstimator/libs/PDFEstimator.so’:
     Found no calls to: ‘R_registerRoutines’, ‘R_useDynamicSymbols’
    
    It is good practice to register native routines and to disable symbol
    search.
    
    See ‘Writing portable packages’ in the ‘Writing R Extensions’ manual.
Flavors: r-devel-linux-x86_64-fedora-clang, r-devel-linux-x86_64-fedora-gcc