CRAN Package Check Results for Package PDN

Last updated on 2020-05-25 01:49:00 CEST.

Flavor Version Tinstall Tcheck Ttotal Status Flags
r-devel-linux-x86_64-debian-clang 0.1.0 9.42 134.82 144.24 OK
r-devel-linux-x86_64-debian-gcc 0.1.0 7.87 103.34 111.21 OK
r-devel-linux-x86_64-fedora-clang 0.1.0 177.89 NOTE
r-devel-linux-x86_64-fedora-gcc 0.1.0 170.26 NOTE
r-devel-windows-ix86+x86_64 0.1.0 38.00 138.00 176.00 OK
r-patched-linux-x86_64 0.1.0 8.53 133.85 142.38 OK
r-patched-solaris-x86 0.1.0 231.50 NOTE
r-release-linux-x86_64 0.1.0 9.53 133.12 142.65 OK
r-release-osx-x86_64 0.1.0 NOTE
r-release-windows-ix86+x86_64 0.1.0 22.00 188.00 210.00 OK
r-oldrel-osx-x86_64 0.1.0 NOTE
r-oldrel-windows-ix86+x86_64 0.1.0 20.00 141.00 161.00 OK

Check Details

Version: 0.1.0
Check: dependencies in R code
Result: NOTE
    Namespace in Imports field not imported from: ‘glmnet’
     All declared Imports should be used.
Flavors: r-devel-linux-x86_64-fedora-clang, r-devel-linux-x86_64-fedora-gcc, r-patched-solaris-x86, r-release-osx-x86_64, r-oldrel-osx-x86_64