CRAN Package Check Results for Package PRSim

Last updated on 2020-05-28 01:53:25 CEST.

Flavor Version Tinstall Tcheck Ttotal Status Flags
r-devel-linux-x86_64-debian-clang 1.2-1 7.19 84.24 91.43 OK
r-devel-linux-x86_64-debian-gcc 1.2-1 5.00 62.65 67.65 OK
r-devel-linux-x86_64-fedora-clang 1.2-1 121.11 WARN
r-devel-linux-x86_64-fedora-gcc 1.2-1 110.63 OK
r-devel-windows-ix86+x86_64 1.2-1 19.00 217.00 236.00 OK
r-patched-linux-x86_64 1.2-1 6.28 83.40 89.68 OK
r-patched-solaris-x86 1.2-1 168.40 OK
r-release-linux-x86_64 1.2-1 6.54 84.27 90.81 OK
r-release-osx-x86_64 1.2-1 OK
r-release-windows-ix86+x86_64 1.2-1 17.00 220.00 237.00 OK
r-oldrel-osx-x86_64 1.2-1 OK
r-oldrel-windows-ix86+x86_64 1.2-1 23.00 175.00 198.00 OK

Check Details

Version: 1.2-1
Check: package dependencies
Result: WARN
    Requires (indirectly) orphaned package: ‘ifultools’
Flavor: r-devel-linux-x86_64-fedora-clang