CRAN Package Check Results for Package PSF

Last updated on 2019-10-19 01:50:22 CEST.

Flavor Version Tinstall Tcheck Ttotal Status Flags
r-devel-linux-x86_64-debian-clang 0.4 2.19 83.80 85.99 NOTE
r-devel-linux-x86_64-debian-gcc 0.4 1.98 117.45 119.43 NOTE
r-devel-linux-x86_64-fedora-clang 0.4 76.32 NOTE
r-devel-linux-x86_64-fedora-gcc 0.4 92.69 NOTE
r-devel-windows-ix86+x86_64 0.4 11.00 82.00 93.00 NOTE
r-patched-linux-x86_64 0.4 1.88 91.91 93.79 OK
r-patched-solaris-x86 0.4 77.80 NOTE
r-release-linux-x86_64 0.4 2.17 101.97 104.14 OK
r-release-windows-ix86+x86_64 0.4 5.00 56.00 61.00 OK
r-release-osx-x86_64 0.4 NOTE
r-oldrel-windows-ix86+x86_64 0.4 4.00 52.00 56.00 OK
r-oldrel-osx-x86_64 0.4 NOTE

Check Details

Version: 0.4
Check: package vignettes
Result: NOTE
    Package vignette with placeholder title 'Vignette Title':
     'PSF_vignette.Rmd'
Flavors: r-devel-linux-x86_64-debian-clang, r-devel-linux-x86_64-debian-gcc, r-devel-windows-ix86+x86_64

Version: 0.4
Check: dependencies in R code
Result: NOTE
    Namespaces in Imports field not imported from:
     ‘forecast’ ‘knitr’
     All declared Imports should be used.
Flavors: r-devel-linux-x86_64-fedora-clang, r-devel-linux-x86_64-fedora-gcc, r-patched-solaris-x86, r-release-osx-x86_64, r-oldrel-osx-x86_64