CRAN Package Check Results for Package PSF

Last updated on 2020-05-28 01:53:25 CEST.

Flavor Version Tinstall Tcheck Ttotal Status Flags
r-devel-linux-x86_64-debian-clang 0.4 2.72 100.03 102.75 NOTE
r-devel-linux-x86_64-debian-gcc 0.4 2.24 126.23 128.47 NOTE
r-devel-linux-x86_64-fedora-clang 0.4 83.42 NOTE
r-devel-linux-x86_64-fedora-gcc 0.4 95.91 NOTE
r-devel-windows-ix86+x86_64 0.4 14.00 80.00 94.00 NOTE
r-patched-linux-x86_64 0.4 2.88 108.50 111.38 NOTE
r-patched-solaris-x86 0.4 85.40 NOTE
r-release-linux-x86_64 0.4 2.75 101.88 104.63 NOTE
r-release-osx-x86_64 0.4 NOTE
r-release-windows-ix86+x86_64 0.4 27.00 88.00 115.00 NOTE
r-oldrel-osx-x86_64 0.4 NOTE
r-oldrel-windows-ix86+x86_64 0.4 6.00 65.00 71.00 OK

Check Details

Version: 0.4
Check: package vignettes
Result: NOTE
    Package vignette with placeholder title 'Vignette Title':
     'PSF_vignette.Rmd'
Flavors: r-devel-linux-x86_64-debian-clang, r-devel-linux-x86_64-debian-gcc, r-devel-windows-ix86+x86_64, r-patched-linux-x86_64, r-release-linux-x86_64, r-release-windows-ix86+x86_64

Version: 0.4
Check: dependencies in R code
Result: NOTE
    Namespaces in Imports field not imported from:
     ‘forecast’ ‘knitr’
     All declared Imports should be used.
Flavors: r-devel-linux-x86_64-fedora-clang, r-devel-linux-x86_64-fedora-gcc, r-patched-solaris-x86, r-release-osx-x86_64, r-oldrel-osx-x86_64