CRAN Package Check Results for Package PakPMICS2014HH

Last updated on 2020-05-25 01:48:59 CEST.

Flavor Version Tinstall Tcheck Ttotal Status Flags
r-devel-linux-x86_64-debian-clang 0.1.0 4.15 27.13 31.28 OK
r-devel-linux-x86_64-debian-gcc 0.1.0 3.50 21.27 24.77 OK
r-devel-linux-x86_64-fedora-clang 0.1.0 39.85 NOTE
r-devel-linux-x86_64-fedora-gcc 0.1.0 37.67 NOTE
r-devel-windows-ix86+x86_64 0.1.0 12.00 40.00 52.00 OK
r-patched-linux-x86_64 0.1.0 3.74 26.52 30.26 OK
r-patched-solaris-x86 0.1.0 59.00 NOTE
r-release-linux-x86_64 0.1.0 3.74 26.24 29.98 OK
r-release-osx-x86_64 0.1.0 NOTE
r-release-windows-ix86+x86_64 0.1.0 9.00 52.00 61.00 OK
r-oldrel-osx-x86_64 0.1.0 NOTE
r-oldrel-windows-ix86+x86_64 0.1.0 7.00 46.00 53.00 OK

Check Details

Version: 0.1.0
Check: dependencies in R code
Result: NOTE
    Namespace in Imports field not imported from: ‘stats’
     All declared Imports should be used.
Flavors: r-devel-linux-x86_64-fedora-clang, r-devel-linux-x86_64-fedora-gcc, r-patched-solaris-x86, r-release-osx-x86_64, r-oldrel-osx-x86_64