CRAN Package Check Results for Package Phenotype

Last updated on 2022-01-17 00:48:43 CET.

Flavor Version Tinstall Tcheck Ttotal Status Flags
r-devel-linux-x86_64-debian-clang 0.1.0 11.10 96.02 107.12 OK
r-devel-linux-x86_64-debian-gcc 0.1.0 9.81 83.99 93.80 OK
r-devel-linux-x86_64-fedora-clang 0.1.0 130.21 OK
r-devel-linux-x86_64-fedora-gcc 0.1.0 116.67 OK
r-devel-windows-x86_64-new-UL 0.1.0 37.00 109.00 146.00 OK
r-devel-windows-x86_64-new-TK 0.1.0 ERROR
r-patched-linux-x86_64 0.1.0 9.85 92.26 102.11 OK
r-release-linux-x86_64 0.1.0 OK
r-release-macos-arm64 0.1.0 OK
r-release-macos-x86_64 0.1.0 OK
r-release-windows-ix86+x86_64 0.1.0 24.00 103.00 127.00 OK
r-oldrel-macos-x86_64 0.1.0 OK
r-oldrel-windows-ix86+x86_64 0.1.0 26.00 106.00 132.00 OK

Check Details

Version: 0.1.0
Check: package dependencies
Result: ERROR
    Package required but not available: 'lme4'
    
    See section 'The DESCRIPTION file' in the 'Writing R Extensions'
    manual.
Flavor: r-devel-windows-x86_64-new-TK