CRAN Package Check Results for Package Plasmode

Last updated on 2019-12-09 01:49:09 CET.

Flavor Version Tinstall Tcheck Ttotal Status Flags
r-devel-linux-x86_64-debian-clang 0.1.0 8.02 64.23 72.25 OK
r-devel-linux-x86_64-debian-gcc 0.1.0 7.80 50.89 58.69 OK
r-devel-linux-x86_64-fedora-clang 0.1.0 88.00 NOTE
r-devel-linux-x86_64-fedora-gcc 0.1.0 82.84 NOTE
r-devel-windows-ix86+x86_64 0.1.0 15.00 70.00 85.00 OK
r-devel-windows-ix86+x86_64-gcc8 0.1.0 17.00 72.00 89.00 OK
r-patched-linux-x86_64 0.1.0 8.23 57.80 66.03 OK
r-patched-solaris-x86 0.1.0 119.10 NOTE
r-release-linux-x86_64 0.1.0 7.33 57.63 64.96 OK
r-release-windows-ix86+x86_64 0.1.0 19.00 65.00 84.00 OK
r-release-osx-x86_64 0.1.0 NOTE
r-oldrel-windows-ix86+x86_64 0.1.0 9.00 62.00 71.00 OK
r-oldrel-osx-x86_64 0.1.0 NOTE

Check Details

Version: 0.1.0
Check: dependencies in R code
Result: NOTE
    Namespaces in Imports field not imported from:
     ‘MASS’ ‘Matrix’ ‘RColorBrewer’ ‘arm’ ‘epiDisplay’ ‘foreign’ ‘gbm’
     ‘grid’ ‘lattice’ ‘latticeExtra’ ‘lme4’ ‘nnet’ ‘parallel’ ‘splines’
     ‘survey’ ‘twang’ ‘xtable’
     All declared Imports should be used.
Flavors: r-devel-linux-x86_64-fedora-clang, r-devel-linux-x86_64-fedora-gcc, r-patched-solaris-x86, r-release-osx-x86_64, r-oldrel-osx-x86_64