CRAN Package Check Results for Package PointFore

Last updated on 2020-04-03 04:47:32 CEST.

Flavor Version Tinstall Tcheck Ttotal Status Flags
r-devel-linux-x86_64-debian-clang 0.2.0 4.25 156.85 161.10 OK
r-devel-linux-x86_64-debian-gcc 0.2.0 3.95 110.15 114.10 OK
r-devel-linux-x86_64-fedora-clang 0.2.0 174.29 NOTE
r-devel-linux-x86_64-fedora-gcc 0.2.0 174.69 NOTE
r-devel-windows-ix86+x86_64 0.2.0 14.00 142.00 156.00 OK
r-devel-windows-ix86+x86_64-gcc8 0.2.0 14.00 141.00 155.00 OK
r-patched-linux-x86_64 0.2.0 4.91 145.89 150.80 OK
r-patched-solaris-x86 0.2.0 234.80 NOTE
r-release-linux-x86_64 0.2.0 4.47 139.00 143.47 OK
r-release-windows-ix86+x86_64 0.2.0 10.00 156.00 166.00 OK
r-release-osx-x86_64 0.2.0 NOTE
r-oldrel-windows-ix86+x86_64 0.2.0 7.00 144.00 151.00 OK
r-oldrel-osx-x86_64 0.2.0 NOTE

Check Details

Version: 0.2.0
Check: dependencies in R code
Result: NOTE
    Namespaces in Imports field not imported from:
     ‘car’ ‘lubridate’
     All declared Imports should be used.
Flavors: r-devel-linux-x86_64-fedora-clang, r-devel-linux-x86_64-fedora-gcc, r-patched-solaris-x86, r-release-osx-x86_64, r-oldrel-osx-x86_64