CRAN Package Check Results for Package ProcMod

Last updated on 2020-03-26 02:25:33 CET.

Flavor Version Tinstall Tcheck Ttotal Status Flags
r-devel-linux-x86_64-debian-clang 1.0.3 3.40 81.59 84.99 OK
r-devel-linux-x86_64-debian-gcc 1.0.3 3.23 59.49 62.72 OK
r-devel-linux-x86_64-fedora-clang 1.0.3 103.63 NOTE
r-devel-linux-x86_64-fedora-gcc 1.0.3 94.10 NOTE
r-devel-windows-ix86+x86_64 1.0.3 9.00 82.00 91.00 OK
r-devel-windows-ix86+x86_64-gcc8 1.0.3 8.00 95.00 103.00 OK
r-patched-linux-x86_64 1.0.3 3.39 69.59 72.98 OK
r-patched-solaris-x86 1.0.3 134.60 NOTE
r-release-linux-x86_64 1.0.3 3.52 68.54 72.06 OK
r-release-windows-ix86+x86_64 1.0.3 11.00 116.00 127.00 OK
r-release-osx-x86_64 1.0.3 NOTE
r-oldrel-windows-ix86+x86_64 1.0.3 66.00 119.00 185.00 OK
r-oldrel-osx-x86_64 1.0.3 NOTE

Check Details

Version: 1.0.3
Check: dependencies in R code
Result: NOTE
    Namespaces in Imports field not imported from:
     ‘expm’ ‘mvtnorm’
     All declared Imports should be used.
Flavors: r-devel-linux-x86_64-fedora-clang, r-devel-linux-x86_64-fedora-gcc, r-patched-solaris-x86, r-release-osx-x86_64, r-oldrel-osx-x86_64