CRAN Package Check Results for Package QAIG

Last updated on 2020-03-31 01:52:51 CEST.

Flavor Version Tinstall Tcheck Ttotal Status Flags
r-devel-linux-x86_64-debian-clang 0.1.5 2.25 24.12 26.37 NOTE
r-devel-linux-x86_64-debian-gcc 0.1.5 1.77 19.50 21.27 NOTE
r-devel-linux-x86_64-fedora-clang 0.1.5 32.45 OK
r-devel-linux-x86_64-fedora-gcc 0.1.5 32.29 OK
r-devel-windows-ix86+x86_64 0.1.5 6.00 36.00 42.00 NOTE
r-devel-windows-ix86+x86_64-gcc8 0.1.5 5.00 39.00 44.00 NOTE
r-patched-linux-x86_64 0.1.5 2.20 24.00 26.20 NOTE
r-patched-solaris-x86 0.1.5 51.10 OK
r-release-linux-x86_64 0.1.5 1.38 22.49 23.87 OK
r-release-windows-ix86+x86_64 0.1.5 14.00 46.00 60.00 OK
r-release-osx-x86_64 0.1.5 OK
r-oldrel-windows-ix86+x86_64 0.1.5 5.00 55.00 60.00 OK
r-oldrel-osx-x86_64 0.1.5 OK

Check Details

Version: 0.1.5
Check: package vignettes
Result: NOTE
    Package vignette with placeholder title 'Vignette Title':
     'qaig-introduction.Rmd'
Flavors: r-devel-linux-x86_64-debian-clang, r-devel-linux-x86_64-debian-gcc, r-devel-windows-ix86+x86_64, r-devel-windows-ix86+x86_64-gcc8, r-patched-linux-x86_64