CRAN Package Check Results for Package QuantumClone

Last updated on 2019-11-14 00:53:09 CET.

Flavor Version Tinstall Tcheck Ttotal Status Flags
r-devel-linux-x86_64-debian-clang 1.0.0.6 10.33 123.42 133.75 NOTE
r-devel-linux-x86_64-debian-gcc 1.0.0.6 8.18 92.69 100.87 NOTE
r-devel-linux-x86_64-fedora-clang 1.0.0.6 166.98 NOTE
r-devel-linux-x86_64-fedora-gcc 1.0.0.6 162.67 NOTE
r-devel-windows-ix86+x86_64 1.0.0.6 35.00 193.00 228.00 OK
r-patched-linux-x86_64 1.0.0.6 8.87 117.01 125.88 OK
r-patched-solaris-x86 1.0.0.6 214.20 OK
r-release-linux-x86_64 1.0.0.6 10.11 117.86 127.97 OK
r-release-windows-ix86+x86_64 1.0.0.6 30.00 178.00 208.00 OK
r-release-osx-x86_64 1.0.0.6 OK
r-oldrel-windows-ix86+x86_64 1.0.0.6 13.00 132.00 145.00 WARN
r-oldrel-osx-x86_64 1.0.0.6 OK

Check Details

Version: 1.0.0.6
Check: for non-standard things in the check directory
Result: NOTE
    Found the following files/directories:
     'Example'
Flavors: r-devel-linux-x86_64-debian-clang, r-devel-linux-x86_64-debian-gcc, r-devel-linux-x86_64-fedora-clang, r-devel-linux-x86_64-fedora-gcc

Version: 1.0.0.6
Check: whether package can be installed
Result: WARN
    Found the following significant warnings:
     Warning: S3 methods '[.fun_list', '[.grouped_df', 'all.equal.tbl_df', 'anti_join.data.frame', 'anti_join.tbl_df', 'arrange.data.frame', 'arrange.default', 'arrange.grouped_df', 'arrange.tbl_df', 'arrange_.data.frame', 'arrange_.tbl_df', 'as.data.frame.grouped_df', 'as.data.frame.rowwise_df', 'as.data.frame.tbl_cube', 'as.table.tbl_cube', 'as.tbl.data.frame', 'as.tbl.tbl', 'as.tbl_cube.array', 'as.tbl_cube.data.frame', 'as.tbl_cube.matrix', 'as.tbl_cube.table', 'as_tibble.grouped_df', 'as_tibble.tbl_cube', 'auto_copy.tbl_cube', 'auto_copy.tbl_df', 'cbind.grouped_df', 'collapse.data.frame', 'collect.data.frame', 'common_by.NULL', 'common_by.character', 'common_by.default', 'common_by.list', 'compute.data.frame', 'copy_to.DBIConnection', 'copy_to.src_local', 'default_missing.data.frame', 'default_missing.default', 'dim.tbl_cube', 'distinct.data.frame', 'distinct.default', 'distinct.grouped_df', 'distinct.tbl_df', 'distinct_.data.frame', 'distinct_.grouped_df', 'distinct_.tbl_df', 'do.NULL', 'do.da [... truncated]
Flavor: r-oldrel-windows-ix86+x86_64