CRAN Package Check Results for Package QuantumClone

Last updated on 2020-06-06 02:07:09 CEST.

Flavor Version Tinstall Tcheck Ttotal Status Flags
r-devel-linux-x86_64-debian-clang 1.0.0.6 12.59 129.43 142.02 NOTE
r-devel-linux-x86_64-debian-gcc 1.0.0.6 9.96 96.89 106.85 NOTE
r-devel-linux-x86_64-fedora-clang 1.0.0.6 171.56 NOTE
r-devel-linux-x86_64-fedora-gcc 1.0.0.6 165.28 NOTE
r-devel-windows-ix86+x86_64 1.0.0.6 35.00 197.00 232.00 OK
r-patched-linux-x86_64 1.0.0.6 11.67 127.24 138.91 NOTE
r-patched-solaris-x86 1.0.0.6 226.90 NOTE
r-release-linux-x86_64 1.0.0.6 11.76 129.04 140.80 NOTE
r-release-osx-x86_64 1.0.0.6 OK
r-release-windows-ix86+x86_64 1.0.0.6 35.00 202.00 237.00 OK
r-oldrel-osx-x86_64 1.0.0.6 OK
r-oldrel-windows-ix86+x86_64 1.0.0.6 30.00 194.00 224.00 OK

Check Details

Version: 1.0.0.6
Check: for non-standard things in the check directory
Result: NOTE
    Found the following files/directories:
     'Example'
Flavors: r-devel-linux-x86_64-debian-clang, r-devel-linux-x86_64-debian-gcc, r-devel-linux-x86_64-fedora-clang, r-devel-linux-x86_64-fedora-gcc, r-patched-linux-x86_64, r-patched-solaris-x86, r-release-linux-x86_64