CRAN Package Check Results for Package R2WinBUGS

Last updated on 2019-10-18 01:46:35 CEST.

Flavor Version Tinstall Tcheck Ttotal Status Flags
r-devel-linux-x86_64-debian-clang 2.1-21 3.85 39.17 43.02 NOTE
r-devel-linux-x86_64-debian-gcc 2.1-21 3.32 30.91 34.23 NOTE
r-devel-linux-x86_64-fedora-clang 2.1-21 54.59 OK
r-devel-linux-x86_64-fedora-gcc 2.1-21 55.33 OK
r-devel-windows-ix86+x86_64 2.1-21 20.00 56.00 76.00 OK
r-patched-linux-x86_64 2.1-21 4.11 38.71 42.82 NOTE
r-patched-solaris-x86 2.1-21 76.20 NOTE
r-release-linux-x86_64 2.1-21 3.62 38.97 42.59 NOTE
r-release-windows-ix86+x86_64 2.1-21 7.00 90.00 97.00 OK
r-release-osx-x86_64 2.1-21 NOTE
r-oldrel-windows-ix86+x86_64 2.1-21 5.00 54.00 59.00 OK
r-oldrel-osx-x86_64 2.1-21 NOTE

Check Details

Version: 2.1-21
Check: R code for possible problems
Result: NOTE
    Found the following calls to attach():
    File 'R2WinBUGS/R/attach.all.R':
     attach(x, name = name)
    See section 'Good practice' in '?attach'.
Flavors: r-devel-linux-x86_64-debian-clang, r-devel-linux-x86_64-debian-gcc, r-patched-linux-x86_64, r-release-linux-x86_64

Version: 2.1-21
Check: package dependencies
Result: NOTE
    Package suggested but not available for checking: ‘BRugs’
Flavors: r-patched-solaris-x86, r-release-osx-x86_64, r-oldrel-osx-x86_64

Version: 2.1-21
Check: Rd cross-references
Result: NOTE
    Package unavailable to check Rd xrefs: ‘BRugs’
Flavors: r-patched-solaris-x86, r-release-osx-x86_64, r-oldrel-osx-x86_64