CRAN Package Check Results for Package R2WinBUGS

Last updated on 2020-05-31 01:48:50 CEST.

Flavor Version Tinstall Tcheck Ttotal Status Flags
r-devel-linux-x86_64-debian-clang 2.1-21 4.15 41.93 46.08 NOTE
r-devel-linux-x86_64-debian-gcc 2.1-21 3.32 32.98 36.30 NOTE
r-devel-linux-x86_64-fedora-clang 2.1-21 59.47 OK
r-devel-linux-x86_64-fedora-gcc 2.1-21 56.46 OK
r-devel-windows-ix86+x86_64 2.1-21 10.00 82.00 92.00 OK
r-patched-linux-x86_64 2.1-21 4.96 43.22 48.18 NOTE
r-patched-solaris-x86 2.1-21 80.50 NOTE
r-release-linux-x86_64 2.1-21 4.25 42.04 46.29 NOTE
r-release-osx-x86_64 2.1-21 NOTE
r-release-windows-ix86+x86_64 2.1-21 9.00 75.00 84.00 OK
r-oldrel-osx-x86_64 2.1-21 NOTE
r-oldrel-windows-ix86+x86_64 2.1-21 11.00 55.00 66.00 OK

Check Details

Version: 2.1-21
Check: R code for possible problems
Result: NOTE
    Found the following calls to attach():
    File 'R2WinBUGS/R/attach.all.R':
     attach(x, name = name)
    See section 'Good practice' in '?attach'.
Flavors: r-devel-linux-x86_64-debian-clang, r-devel-linux-x86_64-debian-gcc, r-patched-linux-x86_64, r-release-linux-x86_64

Version: 2.1-21
Check: package dependencies
Result: NOTE
    Package suggested but not available for checking: ‘BRugs’
Flavors: r-patched-solaris-x86, r-release-osx-x86_64, r-oldrel-osx-x86_64

Version: 2.1-21
Check: Rd cross-references
Result: NOTE
    Package unavailable to check Rd xrefs: ‘BRugs’
Flavors: r-patched-solaris-x86, r-release-osx-x86_64, r-oldrel-osx-x86_64