CRAN Package Check Results for Package RAM

Last updated on 2019-10-20 01:46:59 CEST.

Flavor Version Tinstall Tcheck Ttotal Status Flags
r-devel-linux-x86_64-debian-clang 1.2.1.7 19.22 164.10 183.32 OK
r-devel-linux-x86_64-debian-gcc 1.2.1.7 17.10 124.71 141.81 OK
r-devel-linux-x86_64-fedora-clang 1.2.1.7 220.68 OK
r-devel-linux-x86_64-fedora-gcc 1.2.1.7 221.47 OK
r-devel-windows-ix86+x86_64 1.2.1.7 33.00 180.00 213.00 OK
r-patched-linux-x86_64 1.2.1.7 18.07 158.34 176.41 OK
r-patched-solaris-x86 1.2.1.7 313.80 OK
r-release-linux-x86_64 1.2.1.7 18.46 161.83 180.29 OK
r-release-windows-ix86+x86_64 1.2.1.7 36.00 303.00 339.00 OK
r-release-osx-x86_64 1.2.1.7 NOTE
r-oldrel-windows-ix86+x86_64 1.2.1.7 24.00 165.00 189.00 OK
r-oldrel-osx-x86_64 1.2.1.7 NOTE

Check Details

Version: 1.2.1.7
Check: package dependencies
Result: NOTE
    Package suggested but not available for checking: ‘Heatplus’
Flavors: r-release-osx-x86_64, r-oldrel-osx-x86_64

Version: 1.2.1.7
Check: Rd cross-references
Result: NOTE
    Package unavailable to check Rd xrefs: ‘Heatplus’
Flavors: r-release-osx-x86_64, r-oldrel-osx-x86_64