CRAN Package Check Results for Package RAM

Last updated on 2020-05-31 01:48:50 CEST.

Flavor Version Tinstall Tcheck Ttotal Status Flags
r-devel-linux-x86_64-debian-clang 1.2.1.7 21.36 184.59 205.95 OK
r-devel-linux-x86_64-debian-gcc 1.2.1.7 18.01 138.85 156.86 OK
r-devel-linux-x86_64-fedora-clang 1.2.1.7 254.91 OK
r-devel-linux-x86_64-fedora-gcc 1.2.1.7 248.69 OK
r-devel-windows-ix86+x86_64 1.2.1.7 59.00 259.00 318.00 OK
r-patched-linux-x86_64 1.2.1.7 21.35 181.51 202.86 OK
r-patched-solaris-x86 1.2.1.7 355.10 OK
r-release-linux-x86_64 1.2.1.7 20.18 180.41 200.59 OK
r-release-osx-x86_64 1.2.1.7 NOTE
r-release-windows-ix86+x86_64 1.2.1.7 41.00 276.00 317.00 OK
r-oldrel-osx-x86_64 1.2.1.7 NOTE
r-oldrel-windows-ix86+x86_64 1.2.1.7 37.00 202.00 239.00 OK

Check Details

Version: 1.2.1.7
Check: package dependencies
Result: NOTE
    Package suggested but not available for checking: ‘Heatplus’
Flavors: r-release-osx-x86_64, r-oldrel-osx-x86_64

Version: 1.2.1.7
Check: Rd cross-references
Result: NOTE
    Package unavailable to check Rd xrefs: ‘Heatplus’
Flavors: r-release-osx-x86_64, r-oldrel-osx-x86_64