CRAN Package Check Results for Package RDSTK

Last updated on 2020-06-03 01:50:56 CEST.

Flavor Version Tinstall Tcheck Ttotal Status Flags
r-devel-linux-x86_64-debian-clang 1.1 3.36 28.77 32.13 NOTE
r-devel-linux-x86_64-debian-gcc 1.1 2.66 23.34 26.00 NOTE
r-devel-linux-x86_64-fedora-clang 1.1 47.02 NOTE
r-devel-linux-x86_64-fedora-gcc 1.1 38.97 NOTE
r-devel-windows-ix86+x86_64 1.1 9.00 56.00 65.00 NOTE
r-patched-linux-x86_64 1.1 3.53 29.56 33.09 NOTE
r-patched-solaris-x86 1.1 61.20 NOTE
r-release-linux-x86_64 1.1 3.59 29.39 32.98 NOTE
r-release-osx-x86_64 1.1 NOTE
r-release-windows-ix86+x86_64 1.1 8.00 69.00 77.00 NOTE
r-oldrel-osx-x86_64 1.1 NOTE
r-oldrel-windows-ix86+x86_64 1.1 7.00 44.00 51.00 NOTE

Check Details

Version: 1.1
Check: R code for possible problems
Result: NOTE
    ip2coordinates: no visible global function definition for 'URLencode'
    street2coordinates: no visible global function definition for
     'URLencode'
    Undefined global functions or variables:
     URLencode
    Consider adding
     importFrom("utils", "URLencode")
    to your NAMESPACE file.
Flavors: r-devel-linux-x86_64-debian-clang, r-devel-linux-x86_64-debian-gcc, r-devel-linux-x86_64-fedora-clang, r-devel-linux-x86_64-fedora-gcc, r-devel-windows-ix86+x86_64, r-patched-linux-x86_64, r-patched-solaris-x86, r-release-linux-x86_64, r-release-osx-x86_64, r-release-windows-ix86+x86_64, r-oldrel-osx-x86_64, r-oldrel-windows-ix86+x86_64