CRAN Package Check Results for Package RDSTK

Last updated on 2019-10-23 03:48:38 CEST.

Flavor Version Tinstall Tcheck Ttotal Status Flags
r-devel-linux-x86_64-debian-clang 1.1 2.73 26.39 29.12 NOTE
r-devel-linux-x86_64-debian-gcc 1.1 2.27 21.50 23.77 NOTE
r-devel-linux-x86_64-fedora-clang 1.1 35.80 NOTE
r-devel-linux-x86_64-fedora-gcc 1.1 35.35 NOTE
r-devel-windows-ix86+x86_64 1.1 8.00 41.00 49.00 NOTE
r-patched-linux-x86_64 1.1 2.56 26.09 28.65 NOTE
r-patched-solaris-x86 1.1 54.60 NOTE
r-release-linux-x86_64 1.1 2.64 26.14 28.78 NOTE
r-release-windows-ix86+x86_64 1.1 11.00 42.00 53.00 NOTE
r-release-osx-x86_64 1.1 NOTE
r-oldrel-windows-ix86+x86_64 1.1 7.00 53.00 60.00 NOTE
r-oldrel-osx-x86_64 1.1 NOTE

Check Details

Version: 1.1
Check: R code for possible problems
Result: NOTE
    ip2coordinates: no visible global function definition for 'URLencode'
    street2coordinates: no visible global function definition for
     'URLencode'
    Undefined global functions or variables:
     URLencode
    Consider adding
     importFrom("utils", "URLencode")
    to your NAMESPACE file.
Flavors: r-devel-linux-x86_64-debian-clang, r-devel-linux-x86_64-debian-gcc, r-devel-linux-x86_64-fedora-clang, r-devel-linux-x86_64-fedora-gcc, r-devel-windows-ix86+x86_64, r-patched-linux-x86_64, r-patched-solaris-x86, r-release-linux-x86_64, r-release-windows-ix86+x86_64, r-release-osx-x86_64, r-oldrel-windows-ix86+x86_64, r-oldrel-osx-x86_64