CRAN Package Check Results for Package REDCapR

Last updated on 2020-04-05 02:50:42 CEST.

Flavor Version Tinstall Tcheck Ttotal Status Flags
r-devel-linux-x86_64-debian-clang 0.10.2 4.58 54.06 58.64 ERROR
r-devel-linux-x86_64-debian-gcc 0.10.2 4.03 41.75 45.78 ERROR
r-devel-linux-x86_64-fedora-clang 0.10.2 68.41 ERROR
r-devel-linux-x86_64-fedora-gcc 0.10.2 71.55 ERROR
r-devel-windows-ix86+x86_64 0.10.2 14.00 81.00 95.00 ERROR
r-devel-windows-ix86+x86_64-gcc8 0.10.2 12.00 85.00 97.00 OK
r-patched-linux-x86_64 0.10.2 4.42 53.41 57.83 ERROR
r-patched-solaris-x86 0.10.2 96.80 ERROR
r-release-linux-x86_64 0.10.2 3.73 48.85 52.58 ERROR
r-release-windows-ix86+x86_64 0.10.2 8.00 109.00 117.00 ERROR
r-release-osx-x86_64 0.10.2 OK
r-oldrel-windows-ix86+x86_64 0.10.2 6.00 75.00 81.00 ERROR
r-oldrel-osx-x86_64 0.10.2 OK

Check Details

Version: 0.10.2
Check: tests
Result: ERROR
     Running 'test-all.R' [5s/9s]
    Running the tests in 'tests/test-all.R' failed.
    Complete output:
     > # Modeled after the R6 testing structure: https://github.com/wch/R6/blob/master/tests/testthat.R
     > library(testthat)
     > library(REDCapR)
     >
     > testthat::test_check("REDCapR")
     -- 1. Failure: validate_no_logical -concern dataset (@test-validate.R#36) -----
     ds$field_index not equal to 2.
     names for target but not for current
    
     == testthat results ===========================================================
     [ OK: 135 | SKIPPED: 79 | WARNINGS: 0 | FAILED: 1 ]
     1. Failure: validate_no_logical -concern dataset (@test-validate.R#36)
    
     Error: testthat unit tests failed
     Execution halted
Flavor: r-devel-linux-x86_64-debian-clang

Version: 0.10.2
Check: tests
Result: ERROR
     Running ‘test-all.R’ [4s/8s]
    Running the tests in ‘tests/test-all.R’ failed.
    Complete output:
     > # Modeled after the R6 testing structure: https://github.com/wch/R6/blob/master/tests/testthat.R
     > library(testthat)
     > library(REDCapR)
     >
     > testthat::test_check("REDCapR")
     ── 1. Failure: validate_no_logical -concern dataset (@test-validate.R#36) ─────
     ds$field_index not equal to 2.
     names for target but not for current
    
     ══ testthat results ═══════════════════════════════════════════════════════════
     [ OK: 135 | SKIPPED: 79 | WARNINGS: 0 | FAILED: 1 ]
     1. Failure: validate_no_logical -concern dataset (@test-validate.R#36)
    
     Error: testthat unit tests failed
     Execution halted
Flavor: r-devel-linux-x86_64-debian-gcc

Version: 0.10.2
Check: tests
Result: ERROR
     Running ‘test-all.R’
    Running the tests in ‘tests/test-all.R’ failed.
    Complete output:
     > # Modeled after the R6 testing structure: https://github.com/wch/R6/blob/master/tests/testthat.R
     > library(testthat)
     > library(REDCapR)
     >
     > testthat::test_check("REDCapR")
     ── 1. Failure: validate_no_logical -concern dataset (@test-validate.R#36) ─────
     ds$field_index not equal to 2.
     names for target but not for current
    
     ══ testthat results ═══════════════════════════════════════════════════════════
     [ OK: 135 | SKIPPED: 79 | WARNINGS: 0 | FAILED: 1 ]
     1. Failure: validate_no_logical -concern dataset (@test-validate.R#36)
    
     Error: testthat unit tests failed
     Execution halted
Flavor: r-devel-linux-x86_64-fedora-clang

Version: 0.10.2
Check: tests
Result: ERROR
     Running ‘test-all.R’ [5s/17s]
    Running the tests in ‘tests/test-all.R’ failed.
    Complete output:
     > # Modeled after the R6 testing structure: https://github.com/wch/R6/blob/master/tests/testthat.R
     > library(testthat)
     > library(REDCapR)
     >
     > testthat::test_check("REDCapR")
     ── 1. Failure: validate_no_logical -concern dataset (@test-validate.R#36) ─────
     ds$field_index not equal to 2.
     names for target but not for current
    
     ══ testthat results ═══════════════════════════════════════════════════════════
     [ OK: 135 | SKIPPED: 79 | WARNINGS: 0 | FAILED: 1 ]
     1. Failure: validate_no_logical -concern dataset (@test-validate.R#36)
    
     Error: testthat unit tests failed
     Execution halted
Flavor: r-devel-linux-x86_64-fedora-gcc

Version: 0.10.2
Check: tests
Result: ERROR
     Running 'test-all.R' [10s]
    Running the tests in 'tests/test-all.R' failed.
    Complete output:
     > # Modeled after the R6 testing structure: https://github.com/wch/R6/blob/master/tests/testthat.R
     > library(testthat)
     > library(REDCapR)
     >
     > testthat::test_check("REDCapR")
     -- 1. Failure: validate_no_logical -concern dataset (@test-validate.R#36) -----
     ds$field_index not equal to 2.
     names for target but not for current
    
     == testthat results ===========================================================
     [ OK: 135 | SKIPPED: 79 | WARNINGS: 0 | FAILED: 1 ]
     1. Failure: validate_no_logical -concern dataset (@test-validate.R#36)
    
     Error: testthat unit tests failed
     Execution halted
Flavor: r-devel-windows-ix86+x86_64

Version: 0.10.2
Check: tests
Result: ERROR
     Running ‘test-all.R’ [5s/9s]
    Running the tests in ‘tests/test-all.R’ failed.
    Complete output:
     > # Modeled after the R6 testing structure: https://github.com/wch/R6/blob/master/tests/testthat.R
     > library(testthat)
     > library(REDCapR)
     >
     > testthat::test_check("REDCapR")
     ── 1. Failure: validate_no_logical -concern dataset (@test-validate.R#36) ─────
     ds$field_index not equal to 2.
     names for target but not for current
    
     ══ testthat results ═══════════════════════════════════════════════════════════
     [ OK: 135 | SKIPPED: 79 | WARNINGS: 0 | FAILED: 1 ]
     1. Failure: validate_no_logical -concern dataset (@test-validate.R#36)
    
     Error: testthat unit tests failed
     Execution halted
Flavor: r-patched-linux-x86_64

Version: 0.10.2
Check: tests
Result: ERROR
     Running ‘test-all.R’ [7s/20s]
    Running the tests in ‘tests/test-all.R’ failed.
    Complete output:
     > # Modeled after the R6 testing structure: https://github.com/wch/R6/blob/master/tests/testthat.R
     > library(testthat)
     > library(REDCapR)
     >
     > testthat::test_check("REDCapR")
     ── 1. Failure: validate_no_logical -concern dataset (@test-validate.R#36) ─────
     ds$field_index not equal to 2.
     names for target but not for current
    
     ══ testthat results ═══════════════════════════════════════════════════════════
     [ OK: 135 | SKIPPED: 79 | WARNINGS: 0 | FAILED: 1 ]
     1. Failure: validate_no_logical -concern dataset (@test-validate.R#36)
    
     Error: testthat unit tests failed
     Execution halted
Flavor: r-patched-solaris-x86

Version: 0.10.2
Check: tests
Result: ERROR
     Running ‘test-all.R’ [4s/9s]
    Running the tests in ‘tests/test-all.R’ failed.
    Complete output:
     > # Modeled after the R6 testing structure: https://github.com/wch/R6/blob/master/tests/testthat.R
     > library(testthat)
     > library(REDCapR)
     >
     > testthat::test_check("REDCapR")
     ── 1. Failure: validate_no_logical -concern dataset (@test-validate.R#36) ─────
     ds$field_index not equal to 2.
     names for target but not for current
    
     ══ testthat results ═══════════════════════════════════════════════════════════
     [ OK: 135 | SKIPPED: 79 | WARNINGS: 0 | FAILED: 1 ]
     1. Failure: validate_no_logical -concern dataset (@test-validate.R#36)
    
     Error: testthat unit tests failed
     Execution halted
Flavor: r-release-linux-x86_64

Version: 0.10.2
Check: tests
Result: ERROR
     Running 'test-all.R' [9s]
    Running the tests in 'tests/test-all.R' failed.
    Complete output:
     > # Modeled after the R6 testing structure: https://github.com/wch/R6/blob/master/tests/testthat.R
     > library(testthat)
     > library(REDCapR)
     >
     > testthat::test_check("REDCapR")
     -- 1. Failure: validate_no_logical -concern dataset (@test-validate.R#36) -----
     ds$field_index not equal to 2.
     names for target but not for current
    
     == testthat results ===========================================================
     [ OK: 135 | SKIPPED: 79 | WARNINGS: 0 | FAILED: 1 ]
     1. Failure: validate_no_logical -concern dataset (@test-validate.R#36)
    
     Error: testthat unit tests failed
     Execution halted
Flavor: r-release-windows-ix86+x86_64

Version: 0.10.2
Check: tests
Result: ERROR
     Running 'test-all.R' [7s]
    Running the tests in 'tests/test-all.R' failed.
    Complete output:
     > # Modeled after the R6 testing structure: https://github.com/wch/R6/blob/master/tests/testthat.R
     > library(testthat)
     > library(REDCapR)
     >
     > testthat::test_check("REDCapR")
     -- 1. Failure: validate_no_logical -concern dataset (@test-validate.R#36) -----
     ds$field_index not equal to 2.
     names for target but not for current
    
     == testthat results ===========================================================
     [ OK: 135 | SKIPPED: 79 | WARNINGS: 0 | FAILED: 1 ]
     1. Failure: validate_no_logical -concern dataset (@test-validate.R#36)
    
     Error: testthat unit tests failed
     Execution halted
Flavor: r-oldrel-windows-ix86+x86_64