CRAN Package Check Results for Package REPPlab

Last updated on 2019-10-17 02:47:33 CEST.

Flavor Version Tinstall Tcheck Ttotal Status Flags
r-devel-linux-x86_64-debian-clang 0.9.4 4.35 55.93 60.28 OK
r-devel-linux-x86_64-debian-gcc 0.9.4 3.17 43.09 46.26 OK
r-devel-linux-x86_64-fedora-clang 0.9.4 73.49 OK
r-devel-linux-x86_64-fedora-gcc 0.9.4 71.15 OK
r-devel-windows-ix86+x86_64 0.9.4 10.00 5.00 15.00 ERROR
r-patched-linux-x86_64 0.9.4 3.72 53.00 56.72 OK
r-patched-solaris-x86 0.9.4 102.70 OK
r-release-linux-x86_64 0.9.4 3.05 54.11 57.16 OK
r-release-windows-ix86+x86_64 0.9.4 9.00 101.00 110.00 OK
r-release-osx-x86_64 0.9.4 OK
r-oldrel-windows-ix86+x86_64 0.9.4 6.00 64.00 70.00 OK
r-oldrel-osx-x86_64 0.9.4 OK

Check Details

Version: 0.9.4
Check: whether package can be installed
Result: ERROR
    Installation failed.
Flavor: r-devel-windows-ix86+x86_64