CRAN Package Check Results for Package RMariaDB

Last updated on 2020-06-07 01:48:24 CEST.

Flavor Version Tinstall Tcheck Ttotal Status Flags
r-devel-linux-x86_64-debian-clang 1.0.8 121.10 39.83 160.93 OK
r-devel-linux-x86_64-debian-gcc 1.0.8 81.72 31.42 113.14 OK
r-devel-linux-x86_64-fedora-clang 1.0.8 230.87 OK
r-devel-linux-x86_64-fedora-gcc 1.0.8 187.29 OK
r-devel-windows-ix86+x86_64 1.0.8 566.00 170.00 736.00 NOTE
r-patched-linux-x86_64 1.0.8 81.93 39.97 121.90 OK
r-patched-solaris-x86 1.0.8 187.50 OK
r-release-linux-x86_64 1.0.8 80.82 40.14 120.96 OK
r-release-osx-x86_64 1.0.8 NOTE
r-release-windows-ix86+x86_64 1.0.8 483.00 184.00 667.00 NOTE
r-oldrel-osx-x86_64 1.0.8 NOTE
r-oldrel-windows-ix86+x86_64 1.0.8 541.00 162.00 703.00 NOTE

Check Details

Version: 1.0.8
Check: installed package size
Result: NOTE
     installed size is 8.7Mb
     sub-directories of 1Mb or more:
     libs 8.3Mb
Flavors: r-devel-windows-ix86+x86_64, r-release-osx-x86_64, r-release-windows-ix86+x86_64, r-oldrel-osx-x86_64, r-oldrel-windows-ix86+x86_64