CRAN Package Check Results for Package RMariaDB

Last updated on 2019-10-21 05:47:11 CEST.

Flavor Version Tinstall Tcheck Ttotal Status Flags
r-devel-linux-x86_64-debian-clang 1.0.6 100.42 36.93 137.35 WARN
r-devel-linux-x86_64-debian-gcc 1.0.6 66.10 29.18 95.28 WARN
r-devel-linux-x86_64-fedora-clang 1.0.6 193.35 WARN
r-devel-linux-x86_64-fedora-gcc 1.0.6 177.13 WARN
r-devel-windows-ix86+x86_64 1.0.6 398.00 144.00 542.00 NOTE
r-patched-linux-x86_64 1.0.6 67.67 35.90 103.57 WARN
r-patched-solaris-x86 1.0.6 168.30 OK
r-release-linux-x86_64 1.0.6 72.21 36.38 108.59 WARN
r-release-windows-ix86+x86_64 1.0.6 508.00 147.00 655.00 NOTE
r-release-osx-x86_64 1.0.6 NOTE
r-oldrel-windows-ix86+x86_64 1.0.6 356.00 139.00 495.00 NOTE
r-oldrel-osx-x86_64 1.0.6 OK

Check Details

Version: 1.0.6
Check: whether package can be installed
Result: WARN
    Found the following significant warnings:
     DbResult.cpp:19:8: warning: 'auto_ptr<DbResult>' is deprecated [-Wdeprecated-declarations]
     connection.cpp:23:8: warning: 'auto_ptr<DbConnection>' is deprecated [-Wdeprecated-declarations]
Flavors: r-devel-linux-x86_64-debian-clang, r-devel-linux-x86_64-fedora-clang

Version: 1.0.6
Check: whether package can be installed
Result: WARN
    Found the following significant warnings:
     DbResult.cpp:19:8: warning: ‘template<class> class std::auto_ptr’ is deprecated [-Wdeprecated-declarations]
     DbResult.cpp:81:41: warning: catching polymorphic type ‘class MariaResultPrep::UnsupportedPS’ by value [-Wcatch-value=]
     connection.cpp:23:8: warning: ‘template<class> class std::auto_ptr’ is deprecated [-Wdeprecated-declarations]
Flavors: r-devel-linux-x86_64-debian-gcc, r-devel-linux-x86_64-fedora-gcc

Version: 1.0.6
Check: installed package size
Result: NOTE
     installed size is 6.5Mb
     sub-directories of 1Mb or more:
     libs 6.2Mb
Flavors: r-devel-windows-ix86+x86_64, r-release-windows-ix86+x86_64, r-release-osx-x86_64, r-oldrel-windows-ix86+x86_64

Version: 1.0.6
Check: whether package can be installed
Result: WARN
    Found the following significant warnings:
     DbResult.cpp:81:41: warning: catching polymorphic type ‘class MariaResultPrep::UnsupportedPS’ by value [-Wcatch-value=]
Flavors: r-patched-linux-x86_64, r-release-linux-x86_64