CRAN Package Check Results for Package RNiftyReg

Last updated on 2020-10-01 01:48:49 CEST.

Flavor Version Tinstall Tcheck Ttotal Status Flags
r-devel-linux-x86_64-debian-clang 2.7.0 513.64 53.26 566.90 OK
r-devel-linux-x86_64-debian-gcc 2.7.0 410.11 47.81 457.92 OK
r-devel-linux-x86_64-fedora-clang 2.7.0 864.94 NOTE
r-devel-linux-x86_64-fedora-gcc 2.7.0 810.70 OK
r-devel-windows-ix86+x86_64 2.7.0 1228.00 131.00 1359.00 NOTE
r-patched-linux-x86_64 2.7.0 503.77 56.37 560.14 OK
r-patched-solaris-x86 2.7.0 579.50 OK
r-release-linux-x86_64 2.7.0 485.05 57.03 542.08 OK
r-release-macos-x86_64 2.7.0 NOTE
r-release-windows-ix86+x86_64 2.7.0 1217.00 124.00 1341.00 NOTE
r-oldrel-macos-x86_64 2.7.0 NOTE
r-oldrel-windows-ix86+x86_64 2.7.0 1139.00 113.00 1252.00 NOTE

Check Details

Version: 2.7.0
Check: installed package size
Result: NOTE
     installed size is 92.8Mb
     sub-directories of 1Mb or more:
     extdata 2.0Mb
     libs 90.6Mb
Flavors: r-devel-linux-x86_64-fedora-clang, r-devel-windows-ix86+x86_64, r-release-macos-x86_64, r-release-windows-ix86+x86_64, r-oldrel-macos-x86_64, r-oldrel-windows-ix86+x86_64