CRAN Package Check Results for Package RPS

Last updated on 2019-11-21 00:50:09 CET.

Flavor Version Tinstall Tcheck Ttotal Status Flags
r-devel-linux-x86_64-debian-clang 1.0.1 8.72 95.35 104.07 OK
r-devel-linux-x86_64-debian-gcc 1.0.1 7.18 73.31 80.49 OK
r-devel-linux-x86_64-fedora-clang 1.0.1 116.27 NOTE
r-devel-linux-x86_64-fedora-gcc 1.0.1 122.75 NOTE
r-devel-windows-ix86+x86_64 1.0.1 27.00 105.00 132.00 OK
r-devel-windows-ix86+x86_64-gcc8 1.0.1 19.00 110.00 129.00 OK
r-patched-linux-x86_64 1.0.1 6.67 87.30 93.97 OK
r-patched-solaris-x86 1.0.1 157.60 NOTE
r-release-linux-x86_64 1.0.1 8.64 88.85 97.49 OK
r-release-windows-ix86+x86_64 1.0.1 24.00 132.00 156.00 OK
r-release-osx-x86_64 1.0.1 NOTE
r-oldrel-windows-ix86+x86_64 1.0.1 9.00 139.00 148.00 OK
r-oldrel-osx-x86_64 1.0.1 NOTE

Check Details

Version: 1.0.1
Check: dependencies in R code
Result: NOTE
    Namespaces in Imports field not imported from:
     ‘ape’ ‘igraph’
     All declared Imports should be used.
Flavors: r-devel-linux-x86_64-fedora-clang, r-devel-linux-x86_64-fedora-gcc, r-patched-solaris-x86, r-release-osx-x86_64, r-oldrel-osx-x86_64