CRAN Package Check Results for Package RPS

Last updated on 2020-07-04 02:50:36 CEST.

Flavor Version Tinstall Tcheck Ttotal Status Flags
r-devel-linux-x86_64-debian-clang 1.0.1 8.11 103.24 111.35 OK
r-devel-linux-x86_64-debian-gcc 1.0.1 7.50 75.47 82.97 OK
r-devel-linux-x86_64-fedora-clang 1.0.1 136.23 NOTE
r-devel-linux-x86_64-fedora-gcc 1.0.1 127.83 NOTE
r-devel-windows-ix86+x86_64 1.0.1 26.00 142.00 168.00 OK
r-patched-linux-x86_64 1.0.1 7.58 101.04 108.62 OK
r-patched-solaris-x86 1.0.1 171.40 NOTE
r-release-linux-x86_64 1.0.1 8.59 102.37 110.96 OK
r-release-osx-x86_64 1.0.1 NOTE
r-release-windows-ix86+x86_64 1.0.1 19.00 108.00 127.00 OK
r-oldrel-osx-x86_64 1.0.1 NOTE
r-oldrel-windows-ix86+x86_64 1.0.1 23.00 135.00 158.00 OK

Check Details

Version: 1.0.1
Check: dependencies in R code
Result: NOTE
    Namespaces in Imports field not imported from:
     ‘ape’ ‘igraph’
     All declared Imports should be used.
Flavors: r-devel-linux-x86_64-fedora-clang, r-devel-linux-x86_64-fedora-gcc, r-patched-solaris-x86, r-release-osx-x86_64, r-oldrel-osx-x86_64