CRAN Package Check Results for Package RProtoBuf

Last updated on 2019-10-18 01:46:37 CEST.

Flavor Version Tinstall Tcheck Ttotal Status Flags
r-devel-linux-x86_64-debian-clang 0.4.14 250.36 125.23 375.59 OK
r-devel-linux-x86_64-debian-gcc 0.4.14 171.43 97.60 269.03 OK
r-devel-linux-x86_64-fedora-clang 0.4.14 526.78 NOTE
r-devel-linux-x86_64-fedora-gcc 0.4.14 493.11 OK
r-devel-windows-ix86+x86_64 0.4.14 712.00 180.00 892.00 NOTE
r-patched-linux-x86_64 0.4.14 204.73 120.62 325.35 OK
r-release-linux-x86_64 0.4.14 194.78 121.12 315.90 OK
r-release-windows-ix86+x86_64 0.4.14 530.00 204.00 734.00 NOTE
r-release-osx-x86_64 0.4.14 NOTE
r-oldrel-windows-ix86+x86_64 0.4.14 537.00 191.00 728.00 NOTE
r-oldrel-osx-x86_64 0.4.14 NOTE

Check Details

Version: 0.4.14
Check: installed package size
Result: NOTE
     installed size is 10.7Mb
     sub-directories of 1Mb or more:
     doc 1.1Mb
     libs 8.6Mb
Flavors: r-devel-linux-x86_64-fedora-clang, r-devel-windows-ix86+x86_64, r-release-windows-ix86+x86_64, r-release-osx-x86_64, r-oldrel-windows-ix86+x86_64, r-oldrel-osx-x86_64