CRAN Package Check Results for Package RProtoBuf

Last updated on 2020-06-02 01:55:42 CEST.

Flavor Version Tinstall Tcheck Ttotal Status Flags
r-devel-linux-x86_64-debian-clang 0.4.17 288.28 67.54 355.82 OK
r-devel-linux-x86_64-debian-gcc 0.4.17 221.08 50.84 271.92 OK
r-devel-linux-x86_64-fedora-clang 0.4.17 509.12 NOTE
r-devel-linux-x86_64-fedora-gcc 0.4.17 431.38 OK
r-devel-windows-ix86+x86_64 0.4.17 710.00 169.00 879.00 NOTE
r-patched-linux-x86_64 0.4.17 223.35 64.88 288.23 OK
r-release-linux-x86_64 0.4.17 227.51 64.80 292.31 OK
r-release-osx-x86_64 0.4.17 NOTE
r-release-windows-ix86+x86_64 0.4.17 540.00 184.00 724.00 NOTE
r-oldrel-osx-x86_64 0.4.17 NOTE
r-oldrel-windows-ix86+x86_64 0.4.17 718.00 137.00 855.00 NOTE

Check Details

Version: 0.4.17
Check: installed package size
Result: NOTE
     installed size is 13.1Mb
     sub-directories of 1Mb or more:
     libs 11.2Mb
Flavors: r-devel-linux-x86_64-fedora-clang, r-devel-windows-ix86+x86_64, r-release-osx-x86_64, r-release-windows-ix86+x86_64, r-oldrel-osx-x86_64, r-oldrel-windows-ix86+x86_64