CRAN Package Check Results for Package RSNNS

Last updated on 2020-07-04 02:50:36 CEST.

Flavor Version Tinstall Tcheck Ttotal Status Flags
r-devel-linux-x86_64-debian-clang 0.4-12 83.56 48.80 132.36 OK
r-devel-linux-x86_64-debian-gcc 0.4-12 66.41 38.46 104.87 OK
r-devel-linux-x86_64-fedora-clang 0.4-12 231.14 NOTE
r-devel-linux-x86_64-fedora-gcc 0.4-12 164.76 OK
r-devel-windows-ix86+x86_64 0.4-12 235.00 126.00 361.00 WARN
r-patched-linux-x86_64 0.4-12 71.24 49.47 120.71 OK
r-patched-solaris-x86 0.4-12 167.30 OK
r-release-linux-x86_64 0.4-12 68.12 48.90 117.02 OK
r-release-osx-x86_64 0.4-12 NOTE
r-release-windows-ix86+x86_64 0.4-12 189.00 99.00 288.00 WARN
r-oldrel-osx-x86_64 0.4-12 NOTE
r-oldrel-windows-ix86+x86_64 0.4-12 173.00 115.00 288.00 OK

Check Details

Version: 0.4-12
Check: installed package size
Result: NOTE
     installed size is 7.8Mb
     sub-directories of 1Mb or more:
     libs 6.7Mb
Flavors: r-devel-linux-x86_64-fedora-clang, r-release-osx-x86_64, r-oldrel-osx-x86_64

Version: 0.4-12
Check: whether package can be installed
Result: WARN
    Found the following significant warnings:
     kr_io.cpp:891:9: warning: 'char* strcat(char*, const char*)' accessing 631 or more bytes at offsets 6607 and 7237 may overlap 1 byte at offset 7237 [-Wrestrict]
     kr_io.cpp:868:9: warning: 'char* strcat(char*, const char*)' accessing 631 or more bytes at offsets 6607 and 7237 may overlap 1 byte at offset 7237 [-Wrestrict]
     kr_io.cpp:891:9: warning: 'char* strcat(char*, const char*)' accessing 631 or more bytes at offsets 6719 and 7349 may overlap 1 byte at offset 7349 [-Wrestrict]
     kr_io.cpp:868:9: warning: 'char* strcat(char*, const char*)' accessing 631 or more bytes at offsets 6719 and 7349 may overlap 1 byte at offset 7349 [-Wrestrict]
Flavors: r-devel-windows-ix86+x86_64, r-release-windows-ix86+x86_64