CRAN Package Check Results for Package RagGrid

Last updated on 2020-06-03 01:50:55 CEST.

Flavor Version Tinstall Tcheck Ttotal Status Flags
r-devel-linux-x86_64-debian-clang 0.2.0 3.29 24.79 28.08 OK
r-devel-linux-x86_64-debian-gcc 0.2.0 2.32 20.17 22.49 OK
r-devel-linux-x86_64-fedora-clang 0.2.0 42.04 NOTE
r-devel-linux-x86_64-fedora-gcc 0.2.0 33.16 NOTE
r-devel-windows-ix86+x86_64 0.2.0 11.00 57.00 68.00 OK
r-patched-linux-x86_64 0.2.0 2.95 25.17 28.12 OK
r-patched-solaris-x86 0.2.0 54.40 NOTE
r-release-linux-x86_64 0.2.0 2.65 24.83 27.48 OK
r-release-osx-x86_64 0.2.0 NOTE
r-release-windows-ix86+x86_64 0.2.0 8.00 44.00 52.00 OK
r-oldrel-osx-x86_64 0.2.0 NOTE
r-oldrel-windows-ix86+x86_64 0.2.0 6.00 40.00 46.00 OK

Check Details

Version: 0.2.0
Check: dependencies in R code
Result: NOTE
    Namespace in Imports field not imported from: ‘knitr’
     All declared Imports should be used.
Flavors: r-devel-linux-x86_64-fedora-clang, r-devel-linux-x86_64-fedora-gcc, r-patched-solaris-x86, r-release-osx-x86_64, r-oldrel-osx-x86_64