CRAN Package Check Results for Package RagGrid

Last updated on 2019-10-22 01:49:36 CEST.

Flavor Version Tinstall Tcheck Ttotal Status Flags
r-devel-linux-x86_64-debian-clang 0.2.0 3.08 22.80 25.88 OK
r-devel-linux-x86_64-debian-gcc 0.2.0 2.40 18.59 20.99 OK
r-devel-linux-x86_64-fedora-clang 0.2.0 31.37 NOTE
r-devel-linux-x86_64-fedora-gcc 0.2.0 30.73 NOTE
r-devel-windows-ix86+x86_64 0.2.0 8.00 41.00 49.00 OK
r-patched-linux-x86_64 0.2.0 2.59 22.53 25.12 OK
r-patched-solaris-x86 0.2.0 50.60 NOTE
r-release-linux-x86_64 0.2.0 2.44 22.53 24.97 OK
r-release-windows-ix86+x86_64 0.2.0 9.00 38.00 47.00 OK
r-release-osx-x86_64 0.2.0 NOTE
r-oldrel-windows-ix86+x86_64 0.2.0 4.00 35.00 39.00 OK
r-oldrel-osx-x86_64 0.2.0 NOTE

Check Details

Version: 0.2.0
Check: dependencies in R code
Result: NOTE
    Namespace in Imports field not imported from: ‘knitr’
     All declared Imports should be used.
Flavors: r-devel-linux-x86_64-fedora-clang, r-devel-linux-x86_64-fedora-gcc, r-patched-solaris-x86, r-release-osx-x86_64, r-oldrel-osx-x86_64