CRAN Package Check Results for Package Rankcluster

Last updated on 2020-06-03 01:50:55 CEST.

Flavor Version Tinstall Tcheck Ttotal Status Flags
r-devel-linux-x86_64-debian-clang 0.94.2 60.03 44.99 105.02 OK
r-devel-linux-x86_64-debian-gcc 0.94.2 47.02 35.79 82.81 OK
r-devel-linux-x86_64-fedora-clang 0.94.2 153.16 NOTE
r-devel-linux-x86_64-fedora-gcc 0.94.2 139.96 OK
r-devel-windows-ix86+x86_64 0.94.2 138.00 118.00 256.00 OK
r-patched-linux-x86_64 0.94.2 48.80 45.08 93.88 OK
r-patched-solaris-x86 0.94.2 146.50 OK
r-release-linux-x86_64 0.94.2 50.08 45.07 95.15 OK
r-release-osx-x86_64 0.94.2 OK
r-release-windows-ix86+x86_64 0.94.2 103.00 92.00 195.00 OK
r-oldrel-osx-x86_64 0.94.2 OK
r-oldrel-windows-ix86+x86_64 0.94.2 107.00 83.00 190.00 OK

Check Details

Version: 0.94.2
Check: installed package size
Result: NOTE
     installed size is 6.1Mb
     sub-directories of 1Mb or more:
     libs 5.3Mb
Flavor: r-devel-linux-x86_64-fedora-clang