CRAN Package Check Results for Package Rbgs

Last updated on 2019-10-16 05:47:12 CEST.

Flavor Version Tinstall Tcheck Ttotal Status Flags
r-devel-linux-x86_64-debian-clang 0.2 3.58 32.88 36.46 OK
r-devel-linux-x86_64-debian-gcc 0.2 3.20 26.09 29.29 OK
r-devel-linux-x86_64-fedora-clang 0.2 47.54 OK
r-devel-linux-x86_64-fedora-gcc 0.2 46.25 OK
r-devel-windows-ix86+x86_64 0.2 5.00 8.00 13.00 ERROR
r-patched-linux-x86_64 0.2 2.77 32.05 34.82 OK
r-patched-solaris-x86 0.2 65.30 OK
r-release-linux-x86_64 0.2 2.49 32.64 35.13 OK
r-release-windows-ix86+x86_64 0.2 8.00 52.00 60.00 OK
r-release-osx-x86_64 0.2 FAIL
r-oldrel-windows-ix86+x86_64 0.2 4.00 45.00 49.00 OK
r-oldrel-osx-x86_64 0.2 OK

Check Details

Version: 0.2
Check: whether package can be installed
Result: ERROR
    Installation failed.
Flavor: r-devel-windows-ix86+x86_64

Version: 0.2
Check: dependencies in R code
Result: FAIL
    
Flavor: r-release-osx-x86_64