CRAN Package Check Results for Package Rbgs

Last updated on 2020-05-25 01:49:01 CEST.

Flavor Version Tinstall Tcheck Ttotal Status Flags
r-devel-linux-x86_64-debian-clang 0.2 4.20 35.07 39.27 OK
r-devel-linux-x86_64-debian-gcc 0.2 3.14 27.34 30.48 OK
r-devel-linux-x86_64-fedora-clang 0.2 48.44 OK
r-devel-linux-x86_64-fedora-gcc 0.2 48.78 OK
r-devel-windows-ix86+x86_64 0.2 14.00 51.00 65.00 OK
r-patched-linux-x86_64 0.2 3.78 35.29 39.07 OK
r-patched-solaris-x86 0.2 70.00 OK
r-release-linux-x86_64 0.2 3.37 35.25 38.62 OK
r-release-osx-x86_64 0.2 OK
r-release-windows-ix86+x86_64 0.2 10.00 68.00 78.00 OK
r-oldrel-osx-x86_64 0.2 FAIL
r-oldrel-windows-ix86+x86_64 0.2 8.00 68.00 76.00 OK

Check Details

Version: 0.2
Check: dependencies in R code
Result: FAIL
Flavor: r-oldrel-osx-x86_64