CRAN Package Check Results for Package Rcmdr

Last updated on 2020-01-26 00:48:18 CET.

Flavor Version Tinstall Tcheck Ttotal Status Flags
r-devel-linux-x86_64-debian-clang 2.6-2 44.86 217.31 262.17 OK
r-devel-linux-x86_64-debian-gcc 2.6-2 33.06 164.28 197.34 OK
r-devel-linux-x86_64-fedora-clang 2.6-2 328.43 NOTE
r-devel-linux-x86_64-fedora-gcc 2.6-2 327.68 OK
r-devel-windows-ix86+x86_64 2.6-2 87.00 263.00 350.00 NOTE
r-devel-windows-ix86+x86_64-gcc8 2.6-1 97.00 303.00 400.00 NOTE
r-patched-linux-x86_64 2.6-2 35.41 194.93 230.34 OK
r-patched-solaris-x86 2.6-2 384.40 NOTE
r-release-linux-x86_64 2.6-2 38.25 194.16 232.41 OK
r-release-windows-ix86+x86_64 2.6-2 54.00 174.00 228.00 NOTE
r-release-osx-x86_64 2.6-2 WARN
r-oldrel-windows-ix86+x86_64 2.6-1 47.00 168.00 215.00 NOTE
r-oldrel-osx-x86_64 2.6-2 WARN

Check Details

Version: 2.6-2
Check: installed package size
Result: NOTE
     installed size is 7.1Mb
     sub-directories of 1Mb or more:
     R 1.1Mb
     doc 3.0Mb
     po 2.4Mb
Flavors: r-devel-linux-x86_64-fedora-clang, r-devel-windows-ix86+x86_64, r-patched-solaris-x86, r-release-windows-ix86+x86_64, r-release-osx-x86_64, r-oldrel-osx-x86_64

Version: 2.6-1
Check: installed package size
Result: NOTE
     installed size is 6.7Mb
     sub-directories of 1Mb or more:
     R 1.1Mb
     doc 2.9Mb
     po 2.1Mb
Flavors: r-devel-windows-ix86+x86_64-gcc8, r-oldrel-windows-ix86+x86_64

Version: 2.6-2
Check: dependencies in R code
Result: NOTE
    No protocol specified
    No protocol specified
Flavors: r-release-osx-x86_64, r-oldrel-osx-x86_64

Version: 2.6-2
Check: S3 generic/method consistency
Result: WARN
    No protocol specified
    No protocol specified
    See section ‘Generic functions and methods’ in the ‘Writing R
    Extensions’ manual.
Flavors: r-release-osx-x86_64, r-oldrel-osx-x86_64

Version: 2.6-2
Check: replacement functions
Result: WARN
    No protocol specified
    No protocol specified
    The argument of a replacement function which corresponds to the right
    hand side must be named ‘value’.
Flavors: r-release-osx-x86_64, r-oldrel-osx-x86_64

Version: 2.6-2
Check: foreign function calls
Result: NOTE
    No protocol specified
    No protocol specified
    See chapter ‘System and foreign language interfaces’ in the ‘Writing R
    Extensions’ manual.
Flavors: r-release-osx-x86_64, r-oldrel-osx-x86_64

Version: 2.6-2
Check: R code for possible problems
Result: NOTE
    No protocol specified
    No protocol specified
Flavors: r-release-osx-x86_64, r-oldrel-osx-x86_64

Version: 2.6-2
Check: for missing documentation entries
Result: WARN
    No protocol specified
    No protocol specified
    All user-level objects in a package should have documentation entries.
    See chapter ‘Writing R documentation files’ in the ‘Writing R
    Extensions’ manual.
Flavors: r-release-osx-x86_64, r-oldrel-osx-x86_64

Version: 2.6-2
Check: for code/documentation mismatches
Result: WARN
    No protocol specified
    No protocol specified
    No protocol specified
    No protocol specified
    No protocol specified
    No protocol specified
Flavors: r-release-osx-x86_64, r-oldrel-osx-x86_64

Version: 2.6-2
Check: Rd \usage sections
Result: NOTE
    No protocol specified
    No protocol specified
    The \usage entries for S3 methods should use the \method markup and not
    their full name.
    See chapter ‘Writing R documentation files’ in the ‘Writing R
    Extensions’ manual.
Flavors: r-release-osx-x86_64, r-oldrel-osx-x86_64