CRAN Package Check Results for Package RcmdrPlugin.plotByGroup

Last updated on 2020-04-03 04:47:34 CEST.

Flavor Version Tinstall Tcheck Ttotal Status Flags
r-devel-linux-x86_64-debian-clang 0.1-0 13.55 110.00 123.55 NOTE
r-devel-linux-x86_64-debian-gcc 0.1-0 12.87 84.07 96.94 NOTE
r-devel-linux-x86_64-fedora-clang 0.1-0 145.92 NOTE
r-devel-linux-x86_64-fedora-gcc 0.1-0 146.15 NOTE
r-devel-windows-ix86+x86_64 0.1-0 50.00 136.00 186.00 NOTE
r-devel-windows-ix86+x86_64-gcc8 0.1-0 43.00 142.00 185.00 NOTE
r-patched-linux-x86_64 0.1-0 12.50 105.40 117.90 NOTE
r-patched-solaris-x86 0.1-0 245.20 NOTE
r-release-linux-x86_64 0.1-0 11.03 96.96 107.99 NOTE
r-release-windows-ix86+x86_64 0.1-0 32.00 149.00 181.00 NOTE
r-release-osx-x86_64 0.1-0 NOTE
r-oldrel-windows-ix86+x86_64 0.1-0 44.00 143.00 187.00 NOTE
r-oldrel-osx-x86_64 0.1-0 NOTE

Check Details

Version: 0.1-0
Check: DESCRIPTION meta-information
Result: NOTE
    Malformed Description field: should contain one or more complete sentences.
Flavors: r-devel-linux-x86_64-debian-clang, r-devel-linux-x86_64-debian-gcc, r-devel-linux-x86_64-fedora-clang, r-devel-linux-x86_64-fedora-gcc, r-devel-windows-ix86+x86_64, r-devel-windows-ix86+x86_64-gcc8, r-patched-linux-x86_64, r-patched-solaris-x86, r-release-linux-x86_64, r-release-windows-ix86+x86_64, r-release-osx-x86_64, r-oldrel-windows-ix86+x86_64, r-oldrel-osx-x86_64

Version: 0.1-0
Check: R code for possible problems
Result: NOTE
    BOXWP: no visible binding for global variable 'top'
    BOXWP: no visible binding for global variable 'buttonsFrame'
    HIST: no visible binding for global variable 'top'
    HIST: no visible binding for global variable 'buttonsFrame'
    QQN: no visible binding for global variable 'top'
    QQN: no visible binding for global variable 'buttonsFrame'
    Undefined global functions or variables:
     buttonsFrame top
Flavors: r-devel-linux-x86_64-debian-clang, r-devel-linux-x86_64-debian-gcc, r-devel-linux-x86_64-fedora-clang, r-devel-linux-x86_64-fedora-gcc, r-devel-windows-ix86+x86_64, r-devel-windows-ix86+x86_64-gcc8, r-patched-linux-x86_64, r-patched-solaris-x86, r-release-linux-x86_64, r-release-windows-ix86+x86_64, r-release-osx-x86_64, r-oldrel-windows-ix86+x86_64, r-oldrel-osx-x86_64